Last updated on 2018-02-25 00:48:46 CET.
Flavor | Version | Tinstall | Tcheck | Ttotal | Status | Flags |
---|---|---|---|---|---|---|
r-devel-linux-x86_64-debian-clang | 0.1 | 6.71 | 75.79 | 82.50 | NOTE | |
r-devel-linux-x86_64-debian-gcc | 0.1 | 4.91 | 60.15 | 65.06 | NOTE | |
r-devel-linux-x86_64-fedora-clang | 0.1 | 103.14 | NOTE | |||
r-devel-linux-x86_64-fedora-gcc | 0.1 | 96.52 | NOTE | |||
r-devel-windows-ix86+x86_64 | 0.1 | 11.00 | 116.00 | 127.00 | NOTE | |
r-patched-linux-x86_64 | 0.1 | 6.64 | 82.41 | 89.05 | NOTE | |
r-patched-solaris-x86 | 0.1 | 160.70 | NOTE | |||
r-release-linux-x86_64 | 0.1 | 6.51 | 81.38 | 87.89 | NOTE | |
r-release-windows-ix86+x86_64 | 0.1 | 19.00 | 126.00 | 145.00 | NOTE | |
r-release-osx-x86_64 | 0.1 | NOTE | ||||
r-oldrel-windows-ix86+x86_64 | 0.1 | 9.00 | 122.00 | 131.00 | NOTE | |
r-oldrel-osx-x86_64 | 0.1 | NOTE |
Version: 0.1
Check: R code for possible problems
Result: NOTE
Fmntd.a : Fmntd.a.sub: no visible global function definition for
‘weighted.mean’
Fmpd : Fmpd.sub: no visible global function definition for ‘as.dist’
Fmpd.a : Fmpd.a.sub: no visible global function definition for
‘weighted.mean’
Fsntd : Fsntd.sub: no visible global function definition for ‘sd’
com.trait.moments : skewness: no visible global function definition for
‘var’
com.trait.moments : kurtosis: no visible global function definition for
‘var’
com.trait.moments : sd.funk: no visible global function definition for
‘sd’
com.trait.weighted : weight.mean.funk: no visible global function
definition for ‘weighted.mean’
Undefined global functions or variables:
as.dist sd var weighted.mean
Consider adding
importFrom("stats", "as.dist", "sd", "var", "weighted.mean")
to your NAMESPACE file.
Flavors: r-devel-linux-x86_64-debian-clang, r-devel-linux-x86_64-debian-gcc, r-devel-linux-x86_64-fedora-clang, r-devel-linux-x86_64-fedora-gcc, r-devel-windows-ix86+x86_64, r-patched-linux-x86_64, r-patched-solaris-x86, r-release-linux-x86_64, r-release-windows-ix86+x86_64, r-release-osx-x86_64, r-oldrel-windows-ix86+x86_64, r-oldrel-osx-x86_64