CRAN Package Check Results for Package lmmpar

Last updated on 2018-02-25 00:48:47 CET.

Flavor Version Tinstall Tcheck Ttotal Status Flags
r-devel-linux-x86_64-debian-clang 0.1.0 0.95 26.14 27.09 OK
r-devel-linux-x86_64-debian-gcc 0.1.0 0.60 20.18 20.78 OK
r-devel-linux-x86_64-fedora-clang 0.1.0 33.21 NOTE
r-devel-linux-x86_64-fedora-gcc 0.1.0 31.13 NOTE
r-devel-windows-ix86+x86_64 0.1.0 3.00 56.00 59.00 OK
r-patched-linux-x86_64 0.1.0 0.72 26.00 26.72 OK
r-patched-solaris-x86 0.1.0 41.60 NOTE
r-release-linux-x86_64 0.1.0 0.84 25.42 26.26 OK
r-release-windows-ix86+x86_64 0.1.0 2.00 51.00 53.00 OK
r-release-osx-x86_64 0.1.0 NOTE
r-oldrel-windows-ix86+x86_64 0.1.0 2.00 37.00 39.00 OK
r-oldrel-osx-x86_64 0.1.0 NOTE

Check Details

Version: 0.1.0
Check: dependencies in R code
Result: NOTE
    Namespace in Imports field not imported from: ‘mnormt’
     All declared Imports should be used.
Flavors: r-devel-linux-x86_64-fedora-clang, r-devel-linux-x86_64-fedora-gcc, r-patched-solaris-x86, r-release-osx-x86_64, r-oldrel-osx-x86_64