Last updated on 2018-02-25 00:48:47 CET.
Flavor | Version | Tinstall | Tcheck | Ttotal | Status | Flags |
---|---|---|---|---|---|---|
r-devel-linux-x86_64-debian-clang | 1.1 | 1.94 | 23.08 | 25.02 | NOTE | |
r-devel-linux-x86_64-debian-gcc | 1.1 | 1.85 | 18.16 | 20.01 | NOTE | |
r-devel-linux-x86_64-fedora-clang | 1.1 | 31.78 | NOTE | |||
r-devel-linux-x86_64-fedora-gcc | 1.1 | 29.30 | NOTE | |||
r-devel-windows-ix86+x86_64 | 1.1 | 9.00 | 60.00 | 69.00 | OK | |
r-patched-linux-x86_64 | 1.1 | 2.02 | 23.84 | 25.86 | NOTE | |
r-patched-solaris-x86 | 1.1 | 45.00 | OK | |||
r-release-linux-x86_64 | 1.1 | 1.88 | 23.75 | 25.63 | NOTE | |
r-release-windows-ix86+x86_64 | 1.1 | 6.00 | 63.00 | 69.00 | OK | |
r-release-osx-x86_64 | 1.1 | OK | ||||
r-oldrel-windows-ix86+x86_64 | 1.1 | 6.00 | 65.00 | 71.00 | OK | |
r-oldrel-osx-x86_64 | 1.1 | OK |
Version: 1.1
Check: compiled code
Result: NOTE
File ‘loe/libs/loe.so’:
Found no calls to: ‘R_registerRoutines’, ‘R_useDynamicSymbols’
It is good practice to register native routines and to disable symbol
search.
See ‘Writing portable packages’ in the ‘Writing R Extensions’ manual.
Flavors: r-devel-linux-x86_64-debian-clang, r-devel-linux-x86_64-debian-gcc, r-devel-linux-x86_64-fedora-clang, r-devel-linux-x86_64-fedora-gcc, r-patched-linux-x86_64, r-release-linux-x86_64