Last updated on 2018-02-25 00:48:47 CET.
Flavor | Version | Tinstall | Tcheck | Ttotal | Status | Flags |
---|---|---|---|---|---|---|
r-devel-linux-x86_64-debian-clang | 2.1.9 | 12.80 | 20.26 | 33.06 | WARN | |
r-devel-linux-x86_64-debian-gcc | 2.1.9 | 11.36 | 16.01 | 27.37 | NOTE | |
r-devel-linux-x86_64-fedora-clang | 2.1.9 | 41.67 | WARN | |||
r-devel-linux-x86_64-fedora-gcc | 2.1.9 | 35.05 | NOTE | |||
r-devel-windows-ix86+x86_64 | 2.1.9 | 27.00 | 40.00 | 67.00 | NOTE | |
r-patched-linux-x86_64 | 2.1.9 | 12.15 | 20.58 | 32.73 | NOTE | |
r-patched-solaris-x86 | 2.1.9 | 47.70 | NOTE | |||
r-release-linux-x86_64 | 2.1.9 | 11.81 | 20.66 | 32.47 | NOTE | |
r-release-windows-ix86+x86_64 | 2.1.9 | 20.00 | 40.00 | 60.00 | NOTE | |
r-release-osx-x86_64 | 2.1.9 | NOTE | ||||
r-oldrel-windows-ix86+x86_64 | 2.1.9 | 20.00 | 32.00 | 52.00 | NOTE | |
r-oldrel-osx-x86_64 | 2.1.9 | NOTE |
Version: 2.1.9
Check: whether package can be installed
Result: WARN
Found the following significant warnings:
lsdall.c:2078:21: warning: explicitly assigning value of variable of type 'int' to itself [-Wself-assign]
nlsd.c:2200:9: warning: explicitly assigning value of variable of type 'int' to itself [-Wself-assign]
nlsd.c:2209:12: warning: explicitly assigning value of variable of type 'int' to itself [-Wself-assign]
nlsd.c:2219:9: warning: explicitly assigning value of variable of type 'int' to itself [-Wself-assign]
nlsd.c:2225:9: warning: explicitly assigning value of variable of type 'int' to itself [-Wself-assign]
Flavors: r-devel-linux-x86_64-debian-clang, r-devel-linux-x86_64-fedora-clang
Version: 2.1.9
Check: DESCRIPTION meta-information
Result: NOTE
Malformed Description field: should contain one or more complete sentences.
Flavors: r-devel-linux-x86_64-debian-clang, r-devel-linux-x86_64-debian-gcc, r-devel-linux-x86_64-fedora-clang, r-devel-linux-x86_64-fedora-gcc, r-devel-windows-ix86+x86_64, r-patched-linux-x86_64, r-patched-solaris-x86, r-release-linux-x86_64, r-release-windows-ix86+x86_64, r-release-osx-x86_64, r-oldrel-windows-ix86+x86_64, r-oldrel-osx-x86_64
Version: 2.1.9
Check: compiled code
Result: NOTE
File ‘logspline/libs/logspline.so’:
Found no calls to: ‘R_registerRoutines’, ‘R_useDynamicSymbols’
It is good practice to register native routines and to disable symbol
search.
See ‘Writing portable packages’ in the ‘Writing R Extensions’ manual.
Flavors: r-devel-linux-x86_64-debian-clang, r-devel-linux-x86_64-debian-gcc, r-devel-linux-x86_64-fedora-clang, r-devel-linux-x86_64-fedora-gcc, r-patched-linux-x86_64, r-release-linux-x86_64