Last updated on 2018-02-25 00:48:47 CET.
Flavor | Version | Tinstall | Tcheck | Ttotal | Status | Flags |
---|---|---|---|---|---|---|
r-devel-linux-x86_64-debian-clang | 2.4.1 | 7.71 | 58.43 | 66.14 | OK | |
r-devel-linux-x86_64-debian-gcc | 2.4.1 | 5.77 | 44.41 | 50.18 | OK | |
r-devel-linux-x86_64-fedora-clang | 2.4.1 | 84.63 | OK | |||
r-devel-linux-x86_64-fedora-gcc | 2.4.1 | 75.61 | OK | |||
r-devel-windows-ix86+x86_64 | 2.4.1 | 16.00 | 90.00 | 106.00 | OK | |
r-patched-linux-x86_64 | 2.4.1 | 3.08 | 61.63 | 64.71 | OK | |
r-patched-solaris-x86 | 2.4.1 | 86.60 | OK | |||
r-release-linux-x86_64 | 2.4.1 | 2.93 | 63.05 | 65.98 | OK | |
r-release-windows-ix86+x86_64 | 2.4.1 | 11.00 | 96.00 | 107.00 | OK | |
r-release-osx-x86_64 | 2.4.1 | OK | ||||
r-oldrel-windows-ix86+x86_64 | 2.4.1 | 7.00 | 98.00 | 105.00 | OK | |
r-oldrel-osx-x86_64 | 2.4.1 | WARN |
Version: 2.4.1
Check: whether package can be installed
Result: WARN
Found the following significant warnings:
Warning: 'rgl_init' failed, running with rgl.useNULL = TRUE
Flavor: r-oldrel-osx-x86_64
Version: 2.4.1
Check: dependencies in R code
Result: NOTE
Invalid MIT-MAGIC-COOKIE-1 key
Flavor: r-oldrel-osx-x86_64
Version: 2.4.1
Check: S3 generic/method consistency
Result: WARN
Invalid MIT-MAGIC-COOKIE-1 key
See section ‘Generic functions and methods’ in the ‘Writing R
Extensions’ manual.
Flavor: r-oldrel-osx-x86_64
Version: 2.4.1
Check: replacement functions
Result: WARN
Invalid MIT-MAGIC-COOKIE-1 key
The argument of a replacement function which corresponds to the right
hand side must be named ‘value’.
Flavor: r-oldrel-osx-x86_64
Version: 2.4.1
Check: foreign function calls
Result: NOTE
Invalid MIT-MAGIC-COOKIE-1 key
See chapter ‘System and foreign language interfaces’ in the ‘Writing R
Extensions’ manual.
Flavor: r-oldrel-osx-x86_64
Version: 2.4.1
Check: R code for possible problems
Result: NOTE
Invalid MIT-MAGIC-COOKIE-1 key
Flavor: r-oldrel-osx-x86_64
Version: 2.4.1
Check: for missing documentation entries
Result: WARN
Invalid MIT-MAGIC-COOKIE-1 key
All user-level objects in a package should have documentation entries.
See chapter ‘Writing R documentation files’ in the ‘Writing R
Extensions’ manual.
Flavor: r-oldrel-osx-x86_64
Version: 2.4.1
Check: for code/documentation mismatches
Result: WARN
Invalid MIT-MAGIC-COOKIE-1 key
Invalid MIT-MAGIC-COOKIE-1 key
Invalid MIT-MAGIC-COOKIE-1 key
Flavor: r-oldrel-osx-x86_64
Version: 2.4.1
Check: Rd \usage sections
Result: NOTE
Invalid MIT-MAGIC-COOKIE-1 key
The \usage entries for S3 methods should use the \method markup and not
their full name.
See chapter ‘Writing R documentation files’ in the ‘Writing R
Extensions’ manual.
Flavor: r-oldrel-osx-x86_64