CRAN Package Check Results for Package mapsapi

Last updated on 2018-02-25 00:48:47 CET.

Flavor Version Tinstall Tcheck Ttotal Status Flags
r-devel-linux-x86_64-debian-clang 0.3.0 2.89 48.03 50.92 OK
r-devel-linux-x86_64-debian-gcc 0.3.0 2.64 40.66 43.30 OK
r-devel-linux-x86_64-fedora-clang 0.3.0 64.09 NOTE
r-devel-linux-x86_64-fedora-gcc 0.3.0 59.18 NOTE
r-devel-windows-ix86+x86_64 0.3.0 8.00 85.00 93.00 OK
r-patched-linux-x86_64 0.3.0 2.34 53.63 55.97 OK
r-patched-solaris-x86 0.3.0 87.50 WARN
r-release-linux-x86_64 0.3.0 2.35 52.52 54.87 OK
r-release-windows-ix86+x86_64 0.3.0 11.00 82.00 93.00 OK
r-release-osx-x86_64 0.3.0 WARN
r-oldrel-windows-ix86+x86_64 0.3.0 5.00 59.00 64.00 OK
r-oldrel-osx-x86_64 0.2.0 WARN

Check Details

Version: 0.3.0
Check: dependencies in R code
Result: NOTE
    Namespace in Imports field not imported from: ‘plyr’
     All declared Imports should be used.
Flavors: r-devel-linux-x86_64-fedora-clang, r-devel-linux-x86_64-fedora-gcc, r-patched-solaris-x86, r-release-osx-x86_64

Version: 0.3.0
Check: re-building of vignette outputs
Result: WARN
    Error in re-building vignettes:
     ...
    Warning in engine$weave(file, quiet = quiet, encoding = enc) :
     Pandoc (>= 1.12.3) and/or pandoc-citeproc not available. Falling back to R Markdown v1.
    Quitting from lines 95-100 (intro.Rmd)
    Error: processing vignette 'intro.Rmd' failed with diagnostics:
    cannot open the connection
    Execution halted
Flavors: r-patched-solaris-x86, r-release-osx-x86_64

Version: 0.2.0
Check: re-building of vignette outputs
Result: WARN
    Error in re-building vignettes:
     ...
    Warning in engine$weave(file, quiet = quiet, encoding = enc) :
     Pandoc (>= 1.12.3) and/or pandoc-citeproc not available. Falling back to R Markdown v1.
    Quitting from lines 95-100 (intro.Rmd)
    Error: processing vignette 'intro.Rmd' failed with diagnostics:
    cannot open the connection
    Execution halted
Flavor: r-oldrel-osx-x86_64