Last updated on 2018-02-25 00:48:47 CET.
Flavor | Version | Tinstall | Tcheck | Ttotal | Status | Flags |
---|---|---|---|---|---|---|
r-devel-linux-x86_64-debian-clang | 0.9-2 | 13.32 | 106.17 | 119.49 | NOTE | |
r-devel-linux-x86_64-debian-gcc | 0.9-2 | 11.19 | 80.84 | 92.03 | NOTE | |
r-devel-linux-x86_64-fedora-clang | 0.9-2 | 145.94 | NOTE | |||
r-devel-linux-x86_64-fedora-gcc | 0.9-2 | 139.17 | NOTE | |||
r-devel-windows-ix86+x86_64 | 0.9-2 | 45.00 | 233.00 | 278.00 | NOTE | |
r-patched-linux-x86_64 | 0.9-2 | 7.53 | 119.42 | 126.95 | NOTE | |
r-patched-solaris-x86 | 0.9-2 | 174.20 | NOTE | |||
r-release-linux-x86_64 | 0.9-2 | 7.46 | 116.47 | 123.93 | NOTE | |
r-release-windows-ix86+x86_64 | 0.9-2 | 28.00 | 241.00 | 269.00 | NOTE | |
r-release-osx-x86_64 | 0.9-2 | NOTE | ||||
r-oldrel-windows-ix86+x86_64 | 0.9-2 | 23.00 | 170.00 | 193.00 | NOTE | |
r-oldrel-osx-x86_64 | 0.9-2 | NOTE |
Version: 0.9-2
Check: dependencies in R code
Result: NOTE
Missing or unexported objects:
‘spatstat::is.hole.xypolygon’ ‘spatstat::superimposePSP’
Flavors: r-devel-linux-x86_64-debian-clang, r-devel-linux-x86_64-debian-gcc, r-devel-linux-x86_64-fedora-clang, r-devel-linux-x86_64-fedora-gcc, r-devel-windows-ix86+x86_64, r-patched-linux-x86_64, r-patched-solaris-x86, r-release-linux-x86_64, r-release-windows-ix86+x86_64, r-oldrel-windows-ix86+x86_64
Version: 0.9-2
Check: dependencies in R code
Result: NOTE
Missing or unexported object: ‘spatstat::is.hole.xypolygon’
Flavors: r-release-osx-x86_64, r-oldrel-osx-x86_64
Version: 0.9-2
Check: re-building of vignette outputs
Result: NOTE
Error in re-building vignettes:
...
Loading required package: sp
Checking rgeos availability: TRUE
Warning: use rgdal::readOGR or sf::st_read
Warning: use rgdal::readOGR or sf::st_read
Warning: use rgdal::readOGR or sf::st_read
Warning: use rgdal::readOGR or sf::st_read
Warning: use rgdal::readOGR or sf::st_read
Warning: use rgdal::readOGR or sf::st_read
Warning: non-unique values when setting 'row.names': ‘37055’, ‘37095’
Error: processing vignette 'combine_maptools.Rnw' failed with diagnostics:
chunk 18
Error in unionSpatialPolygons(nc90, IDs = paste(nc90$ST, nc90$CO, sep = "")) :
package rgeos required for unionSpatialPolygons
Execution halted
Flavor: r-release-osx-x86_64