Last updated on 2018-02-25 00:48:48 CET.
Flavor | Version | Tinstall | Tcheck | Ttotal | Status | Flags |
---|---|---|---|---|---|---|
r-devel-linux-x86_64-debian-clang | 0.8.8.1 | 16.66 | 147.92 | 164.58 | OK | |
r-devel-linux-x86_64-debian-gcc | 0.8.8.1 | 12.20 | 115.50 | 127.70 | OK | |
r-devel-linux-x86_64-fedora-clang | 0.8.8.1 | 216.10 | OK | |||
r-devel-linux-x86_64-fedora-gcc | 0.8.8.1 | 203.22 | OK | |||
r-devel-windows-ix86+x86_64 | 0.8.8.1 | 48.00 | 334.00 | 382.00 | OK | |
r-patched-linux-x86_64 | 0.8.8.1 | 17.03 | 165.21 | 182.24 | OK | |
r-patched-solaris-x86 | 0.8.8.1 | 304.00 | OK | |||
r-release-linux-x86_64 | 0.8.8.1 | 18.52 | 161.70 | 180.22 | OK | |
r-release-windows-ix86+x86_64 | 0.8.8.1 | 49.00 | 349.00 | 398.00 | OK | |
r-release-osx-x86_64 | 0.8.8.1 | OK | ||||
r-oldrel-windows-ix86+x86_64 | 0.8.8 | 44.00 | 339.00 | 383.00 | OK | |
r-oldrel-osx-x86_64 | 0.8.8.1 | ERROR |
Version: 0.8.8.1
Check: whether package can be installed
Result: ERROR
Installation failed.
Flavor: r-oldrel-osx-x86_64