Last updated on 2018-02-25 00:48:48 CET.
Flavor | Version | Tinstall | Tcheck | Ttotal | Status | Flags |
---|---|---|---|---|---|---|
r-devel-linux-x86_64-debian-clang | 3.0.1 | 15.93 | 43.22 | 59.15 | NOTE | |
r-devel-linux-x86_64-debian-gcc | 3.0.1 | 12.03 | 33.14 | 45.17 | NOTE | |
r-devel-linux-x86_64-fedora-clang | 3.0.1 | 77.69 | NOTE | |||
r-devel-linux-x86_64-fedora-gcc | 3.0.1 | 71.37 | NOTE | |||
r-devel-windows-ix86+x86_64 | 3.0.1 | 50.00 | 112.00 | 162.00 | OK | |
r-patched-linux-x86_64 | 3.0.1 | 14.24 | 51.40 | 65.64 | NOTE | |
r-patched-solaris-x86 | 3.0.1 | 98.80 | OK | |||
r-release-linux-x86_64 | 3.0.1 | 14.87 | 50.49 | 65.36 | NOTE | |
r-release-windows-ix86+x86_64 | 3.0.1 | 39.00 | 135.00 | 174.00 | OK | |
r-release-osx-x86_64 | 3.0.1 | OK | ||||
r-oldrel-windows-ix86+x86_64 | 3.0.1 | 35.00 | 142.00 | 177.00 | OK | |
r-oldrel-osx-x86_64 | 3.0.1 | OK |
Version: 3.0.1
Check: compiled code
Result: NOTE
File ‘mcga/libs/mcga.so’:
Found no calls to: ‘R_registerRoutines’, ‘R_useDynamicSymbols’
It is good practice to register native routines and to disable symbol
search.
See ‘Writing portable packages’ in the ‘Writing R Extensions’ manual.
Flavors: r-devel-linux-x86_64-debian-clang, r-devel-linux-x86_64-debian-gcc, r-devel-linux-x86_64-fedora-clang, r-devel-linux-x86_64-fedora-gcc, r-patched-linux-x86_64, r-release-linux-x86_64