Last updated on 2018-02-25 00:48:48 CET.
Flavor | Version | Tinstall | Tcheck | Ttotal | Status | Flags |
---|---|---|---|---|---|---|
r-devel-linux-x86_64-debian-clang | 0.3.0 | 6.87 | 107.30 | 114.17 | OK | |
r-devel-linux-x86_64-debian-gcc | 0.3.0 | 4.70 | 86.11 | 90.81 | OK | |
r-devel-linux-x86_64-fedora-clang | 0.3.0 | 141.80 | OK | |||
r-devel-linux-x86_64-fedora-gcc | 0.3.0 | 135.63 | OK | |||
r-devel-windows-ix86+x86_64 | 0.3.0 | 18.00 | 148.00 | 166.00 | OK | |
r-patched-linux-x86_64 | 0.3.0 | 3.86 | 128.26 | 132.12 | OK | |
r-patched-solaris-x86 | 0.3.0 | 185.80 | OK | |||
r-release-linux-x86_64 | 0.3.0 | 4.76 | 128.89 | 133.65 | OK | |
r-release-windows-ix86+x86_64 | 0.3.0 | 10.00 | 167.00 | 177.00 | OK | |
r-release-osx-x86_64 | 0.3.0 | NOTE | ||||
r-oldrel-windows-ix86+x86_64 | 0.3.0 | 10.00 | 117.00 | 127.00 | OK | |
r-oldrel-osx-x86_64 | 0.3.0 | OK |
Version: 0.3.0
Check: package dependencies
Result: NOTE
Package suggested but not available for checking: ‘devtools’
Flavor: r-release-osx-x86_64