Last updated on 2018-02-25 00:48:48 CET.
Flavor | Version | Tinstall | Tcheck | Ttotal | Status | Flags |
---|---|---|---|---|---|---|
r-devel-linux-x86_64-debian-clang | 4.4.6 | 15.90 | 127.13 | 143.03 | OK | --no-vignettes |
r-devel-linux-x86_64-debian-gcc | 4.4.6 | 12.40 | 97.85 | 110.25 | OK | --no-vignettes |
r-devel-linux-x86_64-fedora-clang | 4.4.6 | 332.10 | OK | |||
r-devel-linux-x86_64-fedora-gcc | 4.4.6 | 323.60 | OK | |||
r-devel-windows-ix86+x86_64 | 4.4.6 | 36.00 | 405.00 | 441.00 | OK | |
r-patched-linux-x86_64 | 4.4.6 | 6.83 | 141.22 | 148.05 | OK | --no-vignettes |
r-patched-solaris-x86 | 4.4.6 | 474.50 | OK | |||
r-release-linux-x86_64 | 4.4.6 | 6.40 | 139.34 | 145.74 | OK | --no-vignettes |
r-release-windows-ix86+x86_64 | 4.4.6 | 24.00 | 453.00 | 477.00 | OK | |
r-release-osx-x86_64 | 4.4.6 | NOTE | ||||
r-oldrel-windows-ix86+x86_64 | 4.4.6 | 14.00 | 443.00 | 457.00 | OK | |
r-oldrel-osx-x86_64 | 4.4.6 | OK |
Version: 4.4.6
Check: re-building of vignette outputs
Result: NOTE
Error in re-building vignettes:
...
Error in texi2dvi(file = file, pdf = TRUE, clean = clean, quiet = quiet, :
Running 'texi2dvi' on 'mediation-old.tex' failed.
LaTeX errors:
! LaTeX Error: File `titlesec.sty' not found.
Type X to quit or <RETURN> to proceed,
or enter new name. (Default extension: sty)
! Emergency stop.
<read *>
l.47 ^^M
! ==> Fatal error occurred, no output PDF file produced!
Calls: buildVignettes -> texi2pdf -> texi2dvi
Execution halted
Flavor: r-release-osx-x86_64