Last updated on 2018-02-25 00:48:48 CET.
Flavor | Version | Tinstall | Tcheck | Ttotal | Status | Flags |
---|---|---|---|---|---|---|
r-devel-linux-x86_64-debian-clang | 1.1.0 | 0.75 | 18.73 | 19.48 | OK | |
r-devel-linux-x86_64-debian-gcc | 1.1.0 | 0.71 | 14.80 | 15.51 | OK | |
r-devel-linux-x86_64-fedora-clang | 1.1.0 | 24.05 | OK | |||
r-devel-linux-x86_64-fedora-gcc | 1.1.0 | 22.83 | OK | |||
r-devel-windows-ix86+x86_64 | 1.1.0 | 4.00 | 40.00 | 44.00 | OK | |
r-patched-linux-x86_64 | 1.1.0 | 0.77 | 18.54 | 19.31 | OK | |
r-patched-solaris-x86 | 1.1.0 | 32.10 | OK | |||
r-release-linux-x86_64 | 1.1.0 | 0.85 | 18.38 | 19.23 | OK | |
r-release-windows-ix86+x86_64 | 1.1.0 | 2.00 | 45.00 | 47.00 | OK | |
r-release-osx-x86_64 | 1.1.0 | NOTE | ||||
r-oldrel-windows-ix86+x86_64 | 1.1.0 | 3.00 | 30.00 | 33.00 | OK | |
r-oldrel-osx-x86_64 | 1.1.0 | NOTE |
Version: 1.1.0
Check: package dependencies
Result: NOTE
Package suggested but not available for checking: ‘aws.s3’
Flavors: r-release-osx-x86_64, r-oldrel-osx-x86_64