Last updated on 2018-02-25 00:48:48 CET.
Flavor | Version | Tinstall | Tcheck | Ttotal | Status | Flags |
---|---|---|---|---|---|---|
r-devel-linux-x86_64-debian-clang | 0.3.9 | 3.19 | 85.03 | 88.22 | OK | |
r-devel-linux-x86_64-debian-gcc | 0.3.9 | 2.41 | 61.65 | 64.06 | OK | |
r-devel-linux-x86_64-fedora-clang | 0.3.9 | 100.75 | OK | |||
r-devel-linux-x86_64-fedora-gcc | 0.3.9 | 97.29 | OK | |||
r-devel-windows-ix86+x86_64 | 0.3.9 | 8.00 | 82.00 | 90.00 | WARN | |
r-patched-linux-x86_64 | 0.3.9 | 1.41 | 96.55 | 97.96 | OK | |
r-patched-solaris-x86 | 0.3.9 | 129.10 | OK | |||
r-release-linux-x86_64 | 0.3.9 | 1.35 | 96.66 | 98.01 | OK | |
r-release-windows-ix86+x86_64 | 0.3.9 | 4.00 | 153.00 | 157.00 | OK | |
r-release-osx-x86_64 | 0.3.9 | OK | ||||
r-oldrel-windows-ix86+x86_64 | 0.3.9 | 3.00 | 115.00 | 118.00 | OK | |
r-oldrel-osx-x86_64 | 0.3.9 | OK |
Version: 0.3.9
Check: re-building of vignette outputs
Result: WARN
Error in re-building vignettes:
...
Warning in engine$weave(file, quiet = quiet, encoding = enc) :
The vignette engine knitr::rmarkdown is not available, because the rmarkdown package is not installed. Please install it.
INFORMATION: Es konnten keine Dateien mit dem angegebenen
Muster gefunden werden.
Quitting from lines 63-72 (metaBMA.Rmd)
Error: processing vignette 'metaBMA.Rmd' failed with diagnostics:
Unable to call JAGS
Execution halted
Flavor: r-devel-windows-ix86+x86_64