Last updated on 2018-02-25 00:48:48 CET.
Flavor | Version | Tinstall | Tcheck | Ttotal | Status | Flags |
---|---|---|---|---|---|---|
r-devel-linux-x86_64-debian-clang | 1.11 | 79.98 | 139.41 | 219.39 | OK | |
r-devel-linux-x86_64-debian-gcc | 1.11 | 69.42 | 107.64 | 177.06 | OK | |
r-devel-linux-x86_64-fedora-clang | 1.11 | 295.61 | NOTE | |||
r-devel-linux-x86_64-fedora-gcc | 1.11 | 192.67 | NOTE | |||
r-devel-windows-ix86+x86_64 | 1.10 | 127.00 | 175.00 | 302.00 | OK | |
r-patched-linux-x86_64 | 1.11 | 57.91 | 164.68 | 222.59 | OK | |
r-patched-solaris-x86 | 1.11 | 279.90 | OK | |||
r-release-linux-x86_64 | 1.11 | 57.57 | 160.18 | 217.75 | OK | |
r-release-windows-ix86+x86_64 | 1.10 | 137.00 | 212.00 | 349.00 | OK | |
r-release-osx-x86_64 | 1.11 | NOTE | ||||
r-oldrel-windows-ix86+x86_64 | 1.10 | 107.00 | 147.00 | 254.00 | OK | |
r-oldrel-osx-x86_64 | 1.10 | OK |
Version: 1.11
Check: installed package size
Result: NOTE
installed size is 6.4Mb
sub-directories of 1Mb or more:
libs 5.3Mb
Flavors: r-devel-linux-x86_64-fedora-clang, r-devel-linux-x86_64-fedora-gcc, r-release-osx-x86_64