Last updated on 2018-02-25 00:48:49 CET.
Flavor | Version | Tinstall | Tcheck | Ttotal | Status | Flags |
---|---|---|---|---|---|---|
r-devel-linux-x86_64-debian-clang | 1.0 | 0.66 | 15.14 | 15.80 | NOTE | |
r-devel-linux-x86_64-debian-gcc | 1.0 | 0.63 | 12.14 | 12.77 | NOTE | |
r-devel-linux-x86_64-fedora-clang | 1.0 | 19.55 | NOTE | |||
r-devel-linux-x86_64-fedora-gcc | 1.0 | 18.06 | NOTE | |||
r-devel-windows-ix86+x86_64 | 1.0 | 4.00 | 25.00 | 29.00 | NOTE | |
r-patched-linux-x86_64 | 1.0 | 0.67 | 14.46 | 15.13 | NOTE | |
r-patched-solaris-x86 | 1.0 | 25.10 | NOTE | |||
r-release-linux-x86_64 | 1.0 | 0.60 | 14.10 | 14.70 | NOTE | |
r-release-windows-ix86+x86_64 | 1.0 | 2.00 | 23.00 | 25.00 | NOTE | |
r-release-osx-x86_64 | 1.0 | NOTE | ||||
r-oldrel-windows-ix86+x86_64 | 1.0 | 2.00 | 22.00 | 24.00 | NOTE | |
r-oldrel-osx-x86_64 | 1.0 | NOTE |
Version: 1.0
Check: R code for possible problems
Result: NOTE
rminimax: no visible global function definition for ‘runif’
Undefined global functions or variables:
runif
Consider adding
importFrom("stats", "runif")
to your NAMESPACE file.
Flavors: r-devel-linux-x86_64-debian-clang, r-devel-linux-x86_64-debian-gcc, r-devel-linux-x86_64-fedora-clang, r-devel-linux-x86_64-fedora-gcc, r-devel-windows-ix86+x86_64, r-patched-linux-x86_64, r-patched-solaris-x86, r-release-linux-x86_64, r-release-windows-ix86+x86_64, r-release-osx-x86_64, r-oldrel-windows-ix86+x86_64, r-oldrel-osx-x86_64