Last updated on 2018-02-25 00:48:49 CET.
Flavor | Version | Tinstall | Tcheck | Ttotal | Status | Flags |
---|---|---|---|---|---|---|
r-devel-linux-x86_64-debian-clang | 1.4 | 1.39 | 20.01 | 21.40 | NOTE | |
r-devel-linux-x86_64-debian-gcc | 1.4 | 1.06 | 16.15 | 17.21 | NOTE | |
r-devel-linux-x86_64-fedora-clang | 1.4 | 25.96 | NOTE | |||
r-devel-linux-x86_64-fedora-gcc | 1.4 | 24.80 | NOTE | |||
r-devel-windows-ix86+x86_64 | 1.4 | 5.00 | 29.00 | 34.00 | NOTE | |
r-patched-linux-x86_64 | 1.4 | 0.99 | 20.68 | 21.67 | NOTE | |
r-patched-solaris-x86 | 1.4 | 35.40 | NOTE | |||
r-release-linux-x86_64 | 1.4 | 0.86 | 20.51 | 21.37 | NOTE | |
r-release-windows-ix86+x86_64 | 1.4 | 2.00 | 47.00 | 49.00 | NOTE | |
r-release-osx-x86_64 | 1.4 | NOTE | ||||
r-oldrel-windows-ix86+x86_64 | 1.4 | 4.00 | 41.00 | 45.00 | NOTE | |
r-oldrel-osx-x86_64 | 1.4 | NOTE |
Version: 1.4
Check: R code for possible problems
Result: NOTE
missForest: no visible global function definition for ‘predict’
missForest: no visible global function definition for ‘idiv’
missForest: no visible global function definition for ‘var’
nrmse: no visible global function definition for ‘var’
Undefined global functions or variables:
idiv predict var
Consider adding
importFrom("stats", "predict", "var")
to your NAMESPACE file.
Flavors: r-devel-linux-x86_64-debian-clang, r-devel-linux-x86_64-debian-gcc, r-devel-linux-x86_64-fedora-clang, r-devel-linux-x86_64-fedora-gcc, r-devel-windows-ix86+x86_64, r-patched-linux-x86_64, r-patched-solaris-x86, r-release-linux-x86_64, r-release-windows-ix86+x86_64, r-release-osx-x86_64, r-oldrel-windows-ix86+x86_64, r-oldrel-osx-x86_64