CRAN Package Check Results for Package mma

Last updated on 2018-02-25 00:48:49 CET.

Flavor Version Tinstall Tcheck Ttotal Status Flags
r-devel-linux-x86_64-debian-clang 6.0-0 11.59 116.23 127.82 OK
r-devel-linux-x86_64-debian-gcc 6.0-0 12.42 89.08 101.50 OK
r-devel-linux-x86_64-fedora-clang 6.0-0 162.76 NOTE
r-devel-linux-x86_64-fedora-gcc 6.0-0 152.72 NOTE
r-devel-windows-ix86+x86_64 6.0-0 27.00 160.00 187.00 OK
r-patched-linux-x86_64 6.0-0 5.34 132.54 137.88 OK
r-patched-solaris-x86 6.0-0 217.00 NOTE
r-release-linux-x86_64 6.0-0 5.00 127.74 132.74 OK
r-release-windows-ix86+x86_64 6.0-0 16.00 169.00 185.00 OK
r-release-osx-x86_64 6.0-0 NOTE
r-oldrel-windows-ix86+x86_64 6.0-0 10.00 164.00 174.00 OK
r-oldrel-osx-x86_64 5.0-1 OK

Check Details

Version: 6.0-0
Check: dependencies in R code
Result: NOTE
    Namespace in Imports field not imported from: ‘plotrix’
     All declared Imports should be used.
Flavors: r-devel-linux-x86_64-fedora-clang, r-devel-linux-x86_64-fedora-gcc, r-patched-solaris-x86, r-release-osx-x86_64