Last updated on 2018-02-25 00:48:50 CET.
Flavor | Version | Tinstall | Tcheck | Ttotal | Status | Flags |
---|---|---|---|---|---|---|
r-devel-linux-x86_64-debian-clang | 0.2.5 | 87.53 | 239.08 | 326.61 | OK | |
r-devel-linux-x86_64-debian-gcc | 0.2.5 | 76.62 | 167.21 | 243.83 | OK | |
r-devel-linux-x86_64-fedora-clang | 0.2.5 | 423.73 | OK | |||
r-devel-linux-x86_64-fedora-gcc | 0.2.5 | 355.00 | NOTE | |||
r-devel-windows-ix86+x86_64 | 0.2.5 | 255.00 | 400.00 | 655.00 | OK | |
r-patched-linux-x86_64 | 0.2.5 | 94.55 | 244.70 | 339.25 | OK | |
r-patched-solaris-x86 | 0.2.5 | 380.90 | OK | --no-vignettes | ||
r-release-linux-x86_64 | 0.2.5 | 92.59 | 248.23 | 340.82 | OK | |
r-release-windows-ix86+x86_64 | 0.2.5 | 199.00 | 446.00 | 645.00 | OK | |
r-release-osx-x86_64 | 0.2.5 | OK | ||||
r-oldrel-windows-ix86+x86_64 | 0.2.5 | 201.00 | 385.00 | 586.00 | OK | |
r-oldrel-osx-x86_64 | 0.2.4 | OK |
Version: 0.2.5
Check: installed package size
Result: NOTE
installed size is 5.6Mb
sub-directories of 1Mb or more:
libs 5.2Mb
Flavor: r-devel-linux-x86_64-fedora-gcc