CRAN Package Check Results for Package mvrtn

Last updated on 2018-02-25 00:48:50 CET.

Flavor Version Tinstall Tcheck Ttotal Status Flags
r-devel-linux-x86_64-debian-clang 1.0 1.21 16.24 17.45 NOTE
r-devel-linux-x86_64-debian-gcc 1.0 0.99 12.95 13.94 NOTE
r-devel-linux-x86_64-fedora-clang 1.0 21.69 NOTE
r-devel-linux-x86_64-fedora-gcc 1.0 20.09 NOTE
r-devel-windows-ix86+x86_64 1.0 8.00 33.00 41.00 NOTE
r-patched-linux-x86_64 1.0 1.10 15.31 16.41 NOTE
r-patched-solaris-x86 1.0 29.70 NOTE
r-release-linux-x86_64 1.0 1.21 15.07 16.28 NOTE
r-release-windows-ix86+x86_64 1.0 7.00 30.00 37.00 NOTE
r-release-osx-x86_64 1.0 NOTE
r-oldrel-windows-ix86+x86_64 1.0 5.00 27.00 32.00 NOTE
r-oldrel-osx-x86_64 1.0 NOTE

Check Details

Version: 1.0
Check: R code for possible problems
Result: NOTE
    rtn: no visible global function definition for ‘runif’
    rtn: no visible global function definition for ‘qnorm’
    rtn: no visible global function definition for ‘pnorm’
    Undefined global functions or variables:
     pnorm qnorm runif
    Consider adding
     importFrom("stats", "pnorm", "qnorm", "runif")
    to your NAMESPACE file.
Flavors: r-devel-linux-x86_64-debian-clang, r-devel-linux-x86_64-debian-gcc, r-devel-linux-x86_64-fedora-clang, r-devel-linux-x86_64-fedora-gcc, r-devel-windows-ix86+x86_64, r-patched-linux-x86_64, r-patched-solaris-x86, r-release-linux-x86_64, r-release-windows-ix86+x86_64, r-release-osx-x86_64, r-oldrel-windows-ix86+x86_64, r-oldrel-osx-x86_64

Version: 1.0
Check: compiled code
Result: NOTE
    File ‘mvrtn/libs/mvrtn.so’:
     Found no calls to: ‘R_registerRoutines’, ‘R_useDynamicSymbols’
    
    It is good practice to register native routines and to disable symbol
    search.
    
    See ‘Writing portable packages’ in the ‘Writing R Extensions’ manual.
Flavors: r-devel-linux-x86_64-debian-clang, r-devel-linux-x86_64-debian-gcc, r-devel-linux-x86_64-fedora-clang, r-devel-linux-x86_64-fedora-gcc, r-patched-linux-x86_64, r-release-linux-x86_64