CRAN Package Check Results for Package networkGen

Last updated on 2018-02-25 00:48:51 CET.

Flavor Version Tinstall Tcheck Ttotal Status Flags
r-devel-linux-x86_64-debian-clang 0.1.1 1.77 24.77 26.54 OK
r-devel-linux-x86_64-debian-gcc 0.1.1 1.67 19.94 21.61 OK
r-devel-linux-x86_64-fedora-clang 0.1.1 34.42 NOTE
r-devel-linux-x86_64-fedora-gcc 0.1.1 31.14 NOTE
r-devel-windows-ix86+x86_64 0.1.1 4.00 51.00 55.00 OK
r-patched-linux-x86_64 0.1.1 1.03 26.25 27.28 OK
r-patched-solaris-x86 0.1.1 45.80 NOTE
r-release-linux-x86_64 0.1.1 1.01 25.83 26.84 OK
r-release-windows-ix86+x86_64 0.1.1 4.00 47.00 51.00 OK
r-release-osx-x86_64 0.1.1 NOTE
r-oldrel-windows-ix86+x86_64 0.1.1 2.00 47.00 49.00 OK
r-oldrel-osx-x86_64 0.1.1 NOTE

Check Details

Version: 0.1.1
Check: dependencies in R code
Result: NOTE
    Namespaces in Imports field not imported from:
     ‘mgcv’ ‘stats’
     All declared Imports should be used.
Flavors: r-devel-linux-x86_64-fedora-clang, r-devel-linux-x86_64-fedora-gcc, r-patched-solaris-x86, r-release-osx-x86_64, r-oldrel-osx-x86_64