Last updated on 2018-02-25 00:48:51 CET.
Flavor | Version | Tinstall | Tcheck | Ttotal | Status | Flags |
---|---|---|---|---|---|---|
r-devel-linux-x86_64-debian-clang | 2.1-3 | 1.66 | 18.69 | 20.35 | NOTE | |
r-devel-linux-x86_64-debian-gcc | 2.1-3 | 1.42 | 14.96 | 16.38 | NOTE | |
r-devel-linux-x86_64-fedora-clang | 2.1-3 | 25.86 | NOTE | |||
r-devel-linux-x86_64-fedora-gcc | 2.1-3 | 23.95 | NOTE | |||
r-devel-windows-ix86+x86_64 | 2.1-3 | 12.00 | 38.00 | 50.00 | NOTE | |
r-patched-linux-x86_64 | 2.1-3 | 1.77 | 18.61 | 20.38 | NOTE | |
r-patched-solaris-x86 | 2.1-3 | 34.80 | NOTE | |||
r-release-linux-x86_64 | 2.1-3 | 1.53 | 18.79 | 20.32 | NOTE | |
r-release-windows-ix86+x86_64 | 2.1-3 | 8.00 | 45.00 | 53.00 | NOTE | |
r-release-osx-x86_64 | 2.1-3 | NOTE | ||||
r-oldrel-windows-ix86+x86_64 | 2.1-3 | 6.00 | 45.00 | 51.00 | NOTE | |
r-oldrel-osx-x86_64 | 2.1-3 | NOTE |
Version: 2.1-3
Check: R code for possible problems
Result: NOTE
simulate.sisnetwork: no visible global function definition for ‘var’
Undefined global functions or variables:
var
Consider adding
importFrom("stats", "var")
to your NAMESPACE file.
Flavors: r-devel-linux-x86_64-debian-clang, r-devel-linux-x86_64-debian-gcc, r-devel-linux-x86_64-fedora-clang, r-devel-linux-x86_64-fedora-gcc, r-devel-windows-ix86+x86_64, r-patched-linux-x86_64, r-patched-solaris-x86, r-release-linux-x86_64, r-release-windows-ix86+x86_64, r-release-osx-x86_64, r-oldrel-windows-ix86+x86_64, r-oldrel-osx-x86_64
Version: 2.1-3
Check: compiled code
Result: NOTE
File ‘networksis/libs/networksis.so’:
Found no calls to: ‘R_registerRoutines’, ‘R_useDynamicSymbols’
It is good practice to register native routines and to disable symbol
search.
See ‘Writing portable packages’ in the ‘Writing R Extensions’ manual.
Flavors: r-devel-linux-x86_64-debian-clang, r-devel-linux-x86_64-debian-gcc, r-devel-linux-x86_64-fedora-clang, r-devel-linux-x86_64-fedora-gcc, r-patched-linux-x86_64, r-release-linux-x86_64