CRAN Package Check Results for Package nlme

Last updated on 2018-02-25 00:48:51 CET.

Flavor Version Tinstall Tcheck Ttotal Status Flags
r-devel-linux-x86_64-debian-clang 3.1-135.5 25.94 215.86 241.80 OK
r-devel-linux-x86_64-debian-gcc 3.1-135.5 20.40 162.01 182.41 OK
r-devel-linux-x86_64-fedora-clang 3.1-135.5 290.39 OK
r-devel-linux-x86_64-fedora-gcc 3.1-135.5 282.87 OK
r-devel-windows-ix86+x86_64 3.1-135.5 79.00 431.00 510.00 OK
r-patched-linux-x86_64 3.1-131.1 24.21 222.86 247.07 OK
r-patched-solaris-x86 3.1-131.1 ERROR
r-release-linux-x86_64 3.1-131.1 23.94 220.26 244.20 OK
r-release-windows-ix86+x86_64 3.1-131.1 48.00 427.00 475.00 OK
r-release-osx-x86_64 3.1-131.1 OK
r-oldrel-windows-ix86+x86_64 3.1-131.1 48.00 429.00 477.00 OK
r-oldrel-osx-x86_64 3.1-131 OK

Check Details

Version: 3.1-131.1
Check: tests
Result: ERROR
     Running ‘anova.gls.R’
     Running ‘augPred_lab.R’ [45s/45s]
     Running ‘augPredmissing.R’
     Running ‘coef.R’
     Comparing ‘coef.Rout’ to ‘coef.Rout.save’ ... OK
     Running ‘contrMat.R’
     Running ‘data.frame.R’
     Running ‘deparse.R’
     Running ‘deviance.R’
     Running ‘fitted.R’
     Running ‘getData.R’
     Running ‘gls.R’
     Running ‘lmList.R’
     Running ‘lme.R’
     Comparing ‘lme.Rout’ to ‘lme.Rout.save’ ... OK
     Running ‘missing.R’
     Comparing ‘missing.Rout’ to ‘missing.Rout.save’ ... OK
     Running ‘nlme.R’
     Running ‘nlme2.R’
     Running ‘predict.lme.R’
     Running ‘sigma-fixed-etc.R’ [36s/36s]
    Running the tests in ‘tests/sigma-fixed-etc.R’ failed.
    Last 13 lines of output:
     > ##------------------------------------------------------ REML ---
     > method <- "REML"
     > cat("\nFixed sigma= ",sigma," estimation method ", method,"\n")
    
     Fixed sigma= 1 estimation method REML
     > t7.fix.REML.lme <- lme( current ~voltage + I(voltage^2), data = Wafer,
     + random = list(Wafer = pdDiag(~voltage + I(voltage^2)),
     + Site = pdDiag(~voltage + I(voltage^2)) ),
     + control = lmeControl(sigma = 1),
     + method = method)
     Error in lme.formula(current ~ voltage + I(voltage^2), data = Wafer, random = list(Wafer = pdDiag(~voltage + :
     nlminb problem, convergence error code = 1
     message = false convergence (8)
     Calls: lme -> lme.formula
     Execution halted
Flavor: r-patched-solaris-x86