CRAN Package Check Results for Package npmlreg

Last updated on 2018-02-25 00:48:51 CET.

Flavor Version Tinstall Tcheck Ttotal Status Flags
r-devel-linux-x86_64-debian-clang 0.46-1 3.73 43.10 46.83 NOTE
r-devel-linux-x86_64-debian-gcc 0.46-1 3.15 32.91 36.06 NOTE
r-devel-linux-x86_64-fedora-clang 0.46-1 58.10 NOTE
r-devel-linux-x86_64-fedora-gcc 0.46-1 55.51 NOTE
r-devel-windows-ix86+x86_64 0.46-1 8.00 71.00 79.00 NOTE
r-patched-linux-x86_64 0.46-1 0.84 48.41 49.25 NOTE
r-patched-solaris-x86 0.46-1 70.30 NOTE
r-release-linux-x86_64 0.46-1 0.72 48.63 49.35 NOTE
r-release-windows-ix86+x86_64 0.46-1 4.00 81.00 85.00 NOTE
r-release-osx-x86_64 0.46-1 NOTE
r-oldrel-windows-ix86+x86_64 0.46-1 4.00 70.00 74.00 NOTE
r-oldrel-osx-x86_64 0.46-1 NOTE

Check Details

Version: 0.46-1
Check: DESCRIPTION meta-information
Result: NOTE
    Malformed Description field: should contain one or more complete sentences.
Flavors: r-devel-linux-x86_64-debian-clang, r-devel-linux-x86_64-debian-gcc, r-devel-linux-x86_64-fedora-clang, r-devel-linux-x86_64-fedora-gcc, r-devel-windows-ix86+x86_64, r-patched-linux-x86_64, r-patched-solaris-x86, r-release-linux-x86_64, r-release-windows-ix86+x86_64, r-release-osx-x86_64, r-oldrel-windows-ix86+x86_64, r-oldrel-osx-x86_64