Last updated on 2018-02-25 00:48:52 CET.
Flavor | Version | Tinstall | Tcheck | Ttotal | Status | Flags |
---|---|---|---|---|---|---|
r-devel-linux-x86_64-debian-clang | 0.9.1 | 14.05 | 79.82 | 93.87 | OK | |
r-devel-linux-x86_64-debian-gcc | 0.9.1 | 10.58 | 62.46 | 73.04 | OK | |
r-devel-linux-x86_64-fedora-clang | 0.9.1 | 115.64 | NOTE | |||
r-devel-linux-x86_64-fedora-gcc | 0.9.1 | 111.32 | NOTE | |||
r-devel-windows-ix86+x86_64 | 0.9.1 | 48.00 | 101.00 | 149.00 | NOTE | |
r-patched-linux-x86_64 | 0.9.1 | 6.10 | 85.97 | 92.07 | OK | |
r-patched-solaris-x86 | 0.9.1 | 132.70 | NOTE | |||
r-release-linux-x86_64 | 0.9.1 | 5.91 | 86.05 | 91.96 | OK | |
r-release-windows-ix86+x86_64 | 0.9.1 | 13.00 | 124.00 | 137.00 | NOTE | |
r-release-osx-x86_64 | 0.9.1 | NOTE | ||||
r-oldrel-windows-ix86+x86_64 | 0.9.1 | 15.00 | 90.00 | 105.00 | NOTE | |
r-oldrel-osx-x86_64 | 0.9.1 | NOTE |
Version: 0.9.1
Check: installed package size
Result: NOTE
installed size is 6.6Mb
sub-directories of 1Mb or more:
nifti 3.8Mb
Flavors: r-devel-linux-x86_64-fedora-clang, r-devel-linux-x86_64-fedora-gcc, r-devel-windows-ix86+x86_64, r-patched-solaris-x86, r-release-windows-ix86+x86_64, r-release-osx-x86_64, r-oldrel-windows-ix86+x86_64, r-oldrel-osx-x86_64