Last updated on 2018-02-25 00:48:52 CET.
Flavor | Version | Tinstall | Tcheck | Ttotal | Status | Flags |
---|---|---|---|---|---|---|
r-devel-linux-x86_64-debian-clang | 0.1.1 | 1.71 | 40.27 | 41.98 | OK | |
r-devel-linux-x86_64-debian-gcc | 0.1.1 | 1.74 | 31.40 | 33.14 | OK | |
r-devel-linux-x86_64-fedora-clang | 0.1.1 | 50.73 | NOTE | |||
r-devel-linux-x86_64-fedora-gcc | 0.1.1 | 49.94 | NOTE | |||
r-devel-windows-ix86+x86_64 | 0.1.1 | 6.00 | 75.00 | 81.00 | OK | |
r-patched-linux-x86_64 | 0.1.1 | 1.95 | 45.68 | 47.63 | OK | |
r-patched-solaris-x86 | 0.1.1 | 77.90 | NOTE | |||
r-release-linux-x86_64 | 0.1.1 | 1.96 | 43.98 | 45.94 | OK | |
r-release-windows-ix86+x86_64 | 0.1.1 | 10.00 | 75.00 | 85.00 | OK | |
r-release-osx-x86_64 | 0.1.1 | NOTE | ||||
r-oldrel-windows-ix86+x86_64 | 0.1.1 | 5.00 | 48.00 | 53.00 | OK | |
r-oldrel-osx-x86_64 | 0.1.1 | NOTE |
Version: 0.1.1
Check: dependencies in R code
Result: NOTE
Namespace in Imports field not imported from: ‘dbplyr’
All declared Imports should be used.
Flavors: r-devel-linux-x86_64-fedora-clang, r-devel-linux-x86_64-fedora-gcc, r-patched-solaris-x86, r-release-osx-x86_64, r-oldrel-osx-x86_64