CRAN Package Check Results for Package patternplot

Last updated on 2018-02-25 00:48:53 CET.

Flavor Version Tinstall Tcheck Ttotal Status Flags
r-devel-linux-x86_64-debian-clang 0.2 27.30 74.11 101.41 NOTE
r-devel-linux-x86_64-debian-gcc 0.2 20.51 56.90 77.41 NOTE
r-devel-linux-x86_64-fedora-clang 0.2 132.37 NOTE
r-devel-linux-x86_64-fedora-gcc 0.2 126.55 NOTE
r-devel-windows-ix86+x86_64 0.2 79.00 152.00 231.00 NOTE
r-patched-linux-x86_64 0.2 27.59 88.65 116.24 NOTE
r-patched-solaris-x86 0.2 182.60 NOTE
r-release-linux-x86_64 0.2 28.47 86.69 115.16 NOTE
r-release-windows-ix86+x86_64 0.2 77.00 169.00 246.00 NOTE
r-release-osx-x86_64 0.2 NOTE
r-oldrel-windows-ix86+x86_64 0.2 59.00 114.00 173.00 NOTE
r-oldrel-osx-x86_64 0.2 NOTE

Additional issues

clang-UBSAN gcc-UBSAN

Check Details

Version: 0.2
Check: for GNU extensions in Makefiles
Result: NOTE
    GNU make is a SystemRequirements.
Flavors: r-devel-linux-x86_64-debian-clang, r-devel-linux-x86_64-debian-gcc, r-devel-linux-x86_64-fedora-clang, r-devel-linux-x86_64-fedora-gcc, r-devel-windows-ix86+x86_64, r-patched-linux-x86_64, r-patched-solaris-x86, r-release-linux-x86_64, r-release-windows-ix86+x86_64, r-release-osx-x86_64, r-oldrel-windows-ix86+x86_64, r-oldrel-osx-x86_64