CRAN Package Check Results for Package pivottabler

Last updated on 2018-02-25 00:48:53 CET.

Flavor Version Tinstall Tcheck Ttotal Status Flags
r-devel-linux-x86_64-debian-clang 0.4.0 20.33 295.60 315.93 OK
r-devel-linux-x86_64-debian-gcc 0.4.0 17.80 221.99 239.79 OK
r-devel-linux-x86_64-fedora-clang 0.4.0 334.98 NOTE
r-devel-linux-x86_64-fedora-gcc 0.4.0 320.30 NOTE
r-devel-windows-ix86+x86_64 0.4.0 41.00 364.00 405.00 NOTE
r-patched-linux-x86_64 0.4.0 3.50 305.42 308.92 OK
r-patched-solaris-x86 0.4.0 205.30 WARN
r-release-linux-x86_64 0.4.0 4.90 309.00 313.90 OK
r-release-windows-ix86+x86_64 0.4.0 14.00 420.00 434.00 OK
r-release-osx-x86_64 0.4.0 WARN
r-oldrel-windows-ix86+x86_64 0.4.0 11.00 317.00 328.00 OK
r-oldrel-osx-x86_64 0.4.0 WARN

Check Details

Version: 0.4.0
Check: installed package size
Result: NOTE
     installed size is 5.4Mb
     sub-directories of 1Mb or more:
     data 2.0Mb
     doc 2.4Mb
Flavors: r-devel-linux-x86_64-fedora-clang, r-devel-linux-x86_64-fedora-gcc, r-devel-windows-ix86+x86_64, r-patched-solaris-x86

Version: 0.4.0
Check: re-building of vignette outputs
Result: WARN
    Error in re-building vignettes:
     ...
    Warning in engine$weave(file, quiet = quiet, encoding = enc) :
     Pandoc (>= 1.12.3) and/or pandoc-citeproc not available. Falling back to R Markdown v1.
    PhantomJS not found. You can install it with webshot::install_phantomjs(). If it is installed, please make sure the phantomjs executable can be found via the PATH variable.
    Warning in normalizePath(f2) :
     path[1]="./webshot2e5b588c7a60.png": No such file or directory
    Warning in file(con, "rb") :
     cannot open file './webshot2e5b588c7a60.png': No such file or directory
    Quitting from lines 65-68 (v01-introduction.Rmd)
    Error: processing vignette 'v01-introduction.Rmd' failed with diagnostics:
    cannot open the connection
    Execution halted
Flavor: r-patched-solaris-x86

Version: 0.4.0
Check: re-building of vignette outputs
Result: WARN
    Error in re-building vignettes:
     ...
    Warning in engine$weave(file, quiet = quiet, encoding = enc) :
     Pandoc (>= 1.12.3) and/or pandoc-citeproc not available. Falling back to R Markdown v1.
    PhantomJS not found. You can install it with webshot::install_phantomjs(). If it is installed, please make sure the phantomjs executable can be found via the PATH variable.
    Warning in normalizePath(f2) :
     path[1]="./webshotb739448a5672.png": No such file or directory
    Warning in file(con, "rb") :
     cannot open file './webshotb739448a5672.png': No such file or directory
    Quitting from lines 65-68 (v01-introduction.Rmd)
    Error: processing vignette 'v01-introduction.Rmd' failed with diagnostics:
    cannot open the connection
    Execution halted
Flavor: r-release-osx-x86_64

Version: 0.4.0
Check: re-building of vignette outputs
Result: WARN
    Error in re-building vignettes:
     ...
    Warning in engine$weave(file, quiet = quiet, encoding = enc) :
     Pandoc (>= 1.12.3) and/or pandoc-citeproc not available. Falling back to R Markdown v1.
    PhantomJS not found. You can install it with webshot::install_phantomjs(). If it is installed, please make sure the phantomjs executable can be found via the PATH variable.
    Warning in normalizePath(f2) :
     path[1]="./webshot8bbb5488991b.png": No such file or directory
    Warning in file(con, "rb") :
     cannot open file './webshot8bbb5488991b.png': No such file or directory
    Quitting from lines 65-68 (v01-introduction.Rmd)
    Error: processing vignette 'v01-introduction.Rmd' failed with diagnostics:
    cannot open the connection
    Execution halted
Flavor: r-oldrel-osx-x86_64