CRAN Package Check Results for Package planar

Last updated on 2018-02-25 00:48:53 CET.

Flavor Version Tinstall Tcheck Ttotal Status Flags
r-devel-linux-x86_64-debian-clang 1.6 84.87 48.97 133.84 NOTE
r-devel-linux-x86_64-debian-gcc 1.6 66.11 37.37 103.48 NOTE
r-devel-linux-x86_64-fedora-clang 1.6 191.17 NOTE
r-devel-linux-x86_64-fedora-gcc 1.6 173.41 NOTE
r-devel-windows-ix86+x86_64 1.6 196.00 140.00 336.00 OK
r-patched-linux-x86_64 1.6 77.67 56.74 134.41 NOTE
r-patched-solaris-x86 1.6 171.80 OK
r-release-linux-x86_64 1.6 77.42 54.07 131.49 NOTE
r-release-windows-ix86+x86_64 1.6 212.00 111.00 323.00 OK
r-release-osx-x86_64 1.6 OK
r-oldrel-windows-ix86+x86_64 1.6 155.00 80.00 235.00 OK
r-oldrel-osx-x86_64 1.6 OK

Check Details

Version: 1.6
Check: compiled code
Result: NOTE
    File ‘planar/libs/planar.so’:
     Found no calls to: ‘R_registerRoutines’, ‘R_useDynamicSymbols’
    
    It is good practice to register native routines and to disable symbol
    search.
    
    See ‘Writing portable packages’ in the ‘Writing R Extensions’ manual.
Flavors: r-devel-linux-x86_64-debian-clang, r-devel-linux-x86_64-debian-gcc, r-devel-linux-x86_64-fedora-clang, r-devel-linux-x86_64-fedora-gcc, r-patched-linux-x86_64, r-release-linux-x86_64

Version: 1.6
Check: installed package size
Result: NOTE
     installed size is 6.1Mb
     sub-directories of 1Mb or more:
     libs 5.5Mb
Flavor: r-devel-linux-x86_64-fedora-gcc