CRAN Package Check Results for Package plotluck

Last updated on 2018-02-25 00:48:54 CET.

Flavor Version Tinstall Tcheck Ttotal Status Flags
r-devel-linux-x86_64-debian-clang 1.1.0 3.36 136.90 140.26 OK
r-devel-linux-x86_64-debian-gcc 1.1.0 3.13 102.59 105.72 OK
r-devel-linux-x86_64-fedora-clang 1.1.0 164.09 NOTE
r-devel-linux-x86_64-fedora-gcc 1.1.0 157.88 NOTE
r-devel-windows-ix86+x86_64 1.1.0 9.00 184.00 193.00 OK
r-patched-linux-x86_64 1.1.0 2.04 164.49 166.53 OK
r-patched-solaris-x86 1.1.0 228.80 NOTE
r-release-linux-x86_64 1.1.0 1.80 165.60 167.40 OK
r-release-windows-ix86+x86_64 1.1.0 10.00 222.00 232.00 OK
r-release-osx-x86_64 1.1.0 NOTE
r-oldrel-windows-ix86+x86_64 1.1.0 4.00 153.00 157.00 OK
r-oldrel-osx-x86_64 1.1.0 NOTE

Check Details

Version: 1.1.0
Check: dependencies in R code
Result: NOTE
    Namespaces in Imports field not imported from:
     ‘hexbin’ ‘quantreg’
     All declared Imports should be used.
Flavors: r-devel-linux-x86_64-fedora-clang, r-devel-linux-x86_64-fedora-gcc, r-patched-solaris-x86, r-release-osx-x86_64, r-oldrel-osx-x86_64