Last updated on 2018-02-25 00:48:54 CET.
Flavor | Version | Tinstall | Tcheck | Ttotal | Status | Flags |
---|---|---|---|---|---|---|
r-devel-linux-x86_64-debian-clang | 1.0.16 | 3.12 | 52.42 | 55.54 | OK | |
r-devel-linux-x86_64-debian-gcc | 1.0.16 | 2.08 | 41.40 | 43.48 | OK | |
r-devel-linux-x86_64-fedora-clang | 1.0.16 | 67.90 | OK | |||
r-devel-linux-x86_64-fedora-gcc | 1.0.16 | 66.78 | OK | |||
r-devel-windows-ix86+x86_64 | 1.0.16 | 7.00 | 89.00 | 96.00 | OK | |
r-patched-linux-x86_64 | 1.0.16 | 1.48 | 55.17 | 56.65 | OK | |
r-patched-solaris-x86 | 1.0.16 | 94.60 | OK | |||
r-release-linux-x86_64 | 1.0.16 | 1.73 | 54.23 | 55.96 | OK | |
r-release-windows-ix86+x86_64 | 1.0.16 | 7.00 | 90.00 | 97.00 | OK | |
r-release-osx-x86_64 | 1.0.16 | OK | ||||
r-oldrel-windows-ix86+x86_64 | 1.0.16 | 4.00 | 86.00 | 90.00 | OK | |
r-oldrel-osx-x86_64 | 1.0.16 | WARN |
Version: 1.0.16
Check: whether package can be installed
Result: WARN
Found the following significant warnings:
Warning: 'rgl_init' failed, running with rgl.useNULL = TRUE
Flavor: r-oldrel-osx-x86_64
Version: 1.0.16
Check: dependencies in R code
Result: NOTE
Invalid MIT-MAGIC-COOKIE-1 keyInvalid MIT-MAGIC-COOKIE-1 key
Flavor: r-oldrel-osx-x86_64
Version: 1.0.16
Check: S3 generic/method consistency
Result: WARN
Invalid MIT-MAGIC-COOKIE-1 keyInvalid MIT-MAGIC-COOKIE-1 key
See section ‘Generic functions and methods’ in the ‘Writing R
Extensions’ manual.
Flavor: r-oldrel-osx-x86_64
Version: 1.0.16
Check: replacement functions
Result: WARN
Invalid MIT-MAGIC-COOKIE-1 keyInvalid MIT-MAGIC-COOKIE-1 key
The argument of a replacement function which corresponds to the right
hand side must be named ‘value’.
Flavor: r-oldrel-osx-x86_64
Version: 1.0.16
Check: foreign function calls
Result: NOTE
Invalid MIT-MAGIC-COOKIE-1 keyInvalid MIT-MAGIC-COOKIE-1 key
See chapter ‘System and foreign language interfaces’ in the ‘Writing R
Extensions’ manual.
Flavor: r-oldrel-osx-x86_64
Version: 1.0.16
Check: R code for possible problems
Result: NOTE
Invalid MIT-MAGIC-COOKIE-1 keyInvalid MIT-MAGIC-COOKIE-1 key
Flavor: r-oldrel-osx-x86_64
Version: 1.0.16
Check: for missing documentation entries
Result: WARN
Invalid MIT-MAGIC-COOKIE-1 keyInvalid MIT-MAGIC-COOKIE-1 key
All user-level objects in a package should have documentation entries.
See chapter ‘Writing R documentation files’ in the ‘Writing R
Extensions’ manual.
Flavor: r-oldrel-osx-x86_64
Version: 1.0.16
Check: for code/documentation mismatches
Result: WARN
Invalid MIT-MAGIC-COOKIE-1 keyInvalid MIT-MAGIC-COOKIE-1 key
Invalid MIT-MAGIC-COOKIE-1 keyInvalid MIT-MAGIC-COOKIE-1 key
Invalid MIT-MAGIC-COOKIE-1 keyInvalid MIT-MAGIC-COOKIE-1 key
Flavor: r-oldrel-osx-x86_64
Version: 1.0.16
Check: Rd \usage sections
Result: NOTE
Invalid MIT-MAGIC-COOKIE-1 keyInvalid MIT-MAGIC-COOKIE-1 key
The \usage entries for S3 methods should use the \method markup and not
their full name.
See chapter ‘Writing R documentation files’ in the ‘Writing R
Extensions’ manual.
Flavor: r-oldrel-osx-x86_64