Last updated on 2018-02-25 00:48:55 CET.
Flavor | Version | Tinstall | Tcheck | Ttotal | Status | Flags |
---|---|---|---|---|---|---|
r-devel-linux-x86_64-debian-clang | 1.2 | 4.18 | 41.55 | 45.73 | NOTE | |
r-devel-linux-x86_64-debian-gcc | 1.2 | 3.26 | 32.49 | 35.75 | NOTE | |
r-devel-linux-x86_64-fedora-clang | 1.2 | 53.96 | NOTE | |||
r-devel-linux-x86_64-fedora-gcc | 1.2 | 54.18 | NOTE | |||
r-devel-windows-ix86+x86_64 | 1.2 | 11.00 | 55.00 | 66.00 | NOTE | |
r-patched-linux-x86_64 | 1.2 | 1.91 | 42.82 | 44.73 | NOTE | |
r-patched-solaris-x86 | 1.2 | 71.60 | NOTE | |||
r-release-linux-x86_64 | 1.2 | 1.75 | 41.46 | 43.21 | NOTE | |
r-release-windows-ix86+x86_64 | 1.2 | 6.00 | 70.00 | 76.00 | NOTE | |
r-release-osx-x86_64 | 1.2 | NOTE | ||||
r-oldrel-windows-ix86+x86_64 | 1.2 | 5.00 | 66.00 | 71.00 | NOTE | |
r-oldrel-osx-x86_64 | 1.2 | NOTE |
Version: 1.2
Check: R code for possible problems
Result: NOTE
estimateLSEparam: no visible global function definition for ‘lm’
estimateMLEparam: no visible global function definition for ‘optim’
getCCnlL: no visible global function definition for ‘dnorm’
iterateScampi: no visible global function definition for ‘quantile’
plot.scampi: no visible global function definition for ‘hist’
plot.scampiVal: no visible global function definition for ‘par’
plot.scampiVal: no visible global function definition for ‘hist’
plot.scampiVal: no visible global function definition for ‘abline’
plot.scampiVal: no visible global function definition for ‘qqnorm’
plot.scampiVal: no visible global function definition for ‘qqline’
sampleInitialVector: no visible global function definition for ‘runif’
Undefined global functions or variables:
abline dnorm hist lm optim par qqline qqnorm quantile runif
Consider adding
importFrom("graphics", "abline", "hist", "par")
importFrom("stats", "dnorm", "lm", "optim", "qqline", "qqnorm",
"quantile", "runif")
to your NAMESPACE file.
Flavors: r-devel-linux-x86_64-debian-clang, r-devel-linux-x86_64-debian-gcc, r-devel-linux-x86_64-fedora-clang, r-devel-linux-x86_64-fedora-gcc, r-devel-windows-ix86+x86_64, r-patched-linux-x86_64, r-patched-solaris-x86, r-release-linux-x86_64, r-release-windows-ix86+x86_64, r-release-osx-x86_64, r-oldrel-windows-ix86+x86_64, r-oldrel-osx-x86_64