Last updated on 2018-02-25 00:48:55 CET.
Flavor | Version | Tinstall | Tcheck | Ttotal | Status | Flags |
---|---|---|---|---|---|---|
r-devel-linux-x86_64-debian-clang | 0.1.0 | 11.09 | 149.22 | 160.31 | OK | |
r-devel-linux-x86_64-debian-gcc | 0.1.0 | 8.96 | 117.63 | 126.59 | OK | |
r-devel-linux-x86_64-fedora-clang | 0.1.0 | 198.11 | NOTE | |||
r-devel-linux-x86_64-fedora-gcc | 0.1.0 | 194.42 | NOTE | |||
r-devel-windows-ix86+x86_64 | 0.1.0 | 31.00 | 220.00 | 251.00 | OK | |
r-patched-linux-x86_64 | 0.1.0 | 9.74 | 167.64 | 177.38 | OK | |
r-patched-solaris-x86 | 0.1.0 | 314.90 | NOTE | |||
r-release-linux-x86_64 | 0.1.0 | 11.77 | 162.99 | 174.76 | OK | |
r-release-windows-ix86+x86_64 | 0.1.0 | 33.00 | 243.00 | 276.00 | OK | |
r-release-osx-x86_64 | 0.1.0 | NOTE | ||||
r-oldrel-windows-ix86+x86_64 | 0.1.0 | 24.00 | 239.00 | 263.00 | OK | |
r-oldrel-osx-x86_64 | 0.1.0 | NOTE |
Version: 0.1.0
Check: data for non-ASCII characters
Result: NOTE
Note: found 727 marked UTF-8 strings
Flavors: r-devel-linux-x86_64-fedora-clang, r-devel-linux-x86_64-fedora-gcc, r-patched-solaris-x86, r-release-osx-x86_64, r-oldrel-osx-x86_64