CRAN Package Check Results for Package quickregression

Last updated on 2018-02-25 00:48:55 CET.

Flavor Version Tinstall Tcheck Ttotal Status Flags
r-devel-linux-x86_64-debian-clang 0.2 4.93 59.91 64.84 OK
r-devel-linux-x86_64-debian-gcc 0.2 4.07 48.24 52.31 OK
r-devel-linux-x86_64-fedora-clang 0.2 80.87 OK
r-devel-linux-x86_64-fedora-gcc 0.2 78.16 OK
r-devel-windows-ix86+x86_64 0.2 12.00 97.00 109.00 OK
r-patched-linux-x86_64 0.2 4.56 59.52 64.08 OK
r-patched-solaris-x86 0.2 127.70 OK
r-release-linux-x86_64 0.2 5.04 58.61 63.65 OK
r-release-windows-ix86+x86_64 0.2 13.00 94.00 107.00 OK
r-release-osx-x86_64 0.2 OK
r-oldrel-osx-x86_64 0.2 ERROR

Check Details

Version: 0.2
Check: whether package can be installed
Result: ERROR
    Installation failed.
Flavor: r-oldrel-osx-x86_64