Last updated on 2018-02-25 00:48:57 CET.
Flavor | Version | Tinstall | Tcheck | Ttotal | Status | Flags |
---|---|---|---|---|---|---|
r-devel-linux-x86_64-debian-clang | 0.1.3 | 120.93 | 56.46 | 177.39 | OK | |
r-devel-linux-x86_64-debian-gcc | 0.1.3 | 103.78 | 38.99 | 142.77 | OK | |
r-devel-linux-x86_64-fedora-clang | 0.1.3 | 265.89 | NOTE | |||
r-devel-linux-x86_64-fedora-gcc | 0.1.3 | 247.86 | NOTE | |||
r-devel-windows-ix86+x86_64 | 0.1.3 | 317.00 | 123.00 | 440.00 | OK | |
r-patched-linux-x86_64 | 0.1.3 | 126.18 | 54.88 | 181.06 | OK | |
r-patched-solaris-x86 | 0.1.3 | 230.00 | OK | |||
r-release-linux-x86_64 | 0.1.3 | 128.35 | 55.31 | 183.66 | OK | |
r-release-windows-ix86+x86_64 | 0.1.3 | 321.00 | 125.00 | 446.00 | OK | |
r-release-osx-x86_64 | 0.1.3 | NOTE | ||||
r-oldrel-windows-ix86+x86_64 | 0.1.3 | 243.00 | 91.00 | 334.00 | OK | |
r-oldrel-osx-x86_64 | 0.1.2 | NOTE |
Version: 0.1.3
Check: installed package size
Result: NOTE
installed size is 21.3Mb
sub-directories of 1Mb or more:
libs 20.8Mb
Flavors: r-devel-linux-x86_64-fedora-clang, r-devel-linux-x86_64-fedora-gcc, r-release-osx-x86_64
Version: 0.1.2
Check: installed package size
Result: NOTE
installed size is 20.7Mb
sub-directories of 1Mb or more:
libs 20.3Mb
Flavor: r-oldrel-osx-x86_64