CRAN Package Check Results for Package rJPSGCS

Last updated on 2018-02-25 00:48:58 CET.

Flavor Version Tinstall Tcheck Ttotal Status Flags
r-devel-linux-x86_64-debian-clang 0.2-8 6.82 70.74 77.56 OK
r-devel-linux-x86_64-debian-gcc 0.2-8 5.20 56.78 61.98 OK
r-devel-windows-ix86+x86_64 0.2-8 17.00 4.00 21.00 ERROR
r-patched-linux-x86_64 0.2-8 6.15 71.67 77.82 OK
r-release-linux-x86_64 0.2-8 6.39 71.09 77.48 OK
r-release-windows-ix86+x86_64 0.2-8 17.00 110.00 127.00 OK
r-release-osx-x86_64 0.2-8 ERROR
r-oldrel-windows-ix86+x86_64 0.2-8 18.00 89.00 107.00 OK
r-oldrel-osx-x86_64 0.2-7 NOTE

Check Details

Version: 0.2-8
Check: whether package can be installed
Result: ERROR
    Installation failed.
Flavor: r-devel-windows-ix86+x86_64

Version: 0.2-8
Check: package dependencies
Result: ERROR
    Package required but not available: ‘chopsticks’
    
    See section ‘The DESCRIPTION file’ in the ‘Writing R Extensions’
    manual.
Flavor: r-release-osx-x86_64

Version: 0.2-7
Check: DESCRIPTION meta-information
Result: NOTE
    Malformed Description field: should contain one or more complete sentences.
Flavor: r-oldrel-osx-x86_64

Version: 0.2-7
Check: R code for possible problems
Result: NOTE
    read.pedfile: no visible global function definition for ‘download.file’
    read.pedfile.info: no visible global function definition for
     ‘read.table’
    read.pedfile.map: no visible global function definition for
     ‘read.table’
    write.pedfile: no visible global function definition for ‘is’
    Undefined global functions or variables:
     download.file is read.table
    Consider adding
     importFrom("methods", "is")
     importFrom("utils", "download.file", "read.table")
    to your NAMESPACE file (and ensure that your DESCRIPTION Imports field
    contains 'methods').
Flavor: r-oldrel-osx-x86_64