CRAN Package Check Results for Package rdwd

Last updated on 2018-02-25 00:48:57 CET.

Flavor Version Tinstall Tcheck Ttotal Status Flags
r-devel-linux-x86_64-debian-clang 0.9.0 3.74 39.44 43.18 OK
r-devel-linux-x86_64-debian-gcc 0.9.0 3.05 30.69 33.74 OK
r-devel-linux-x86_64-fedora-clang 0.9.0 50.67 OK
r-devel-linux-x86_64-fedora-gcc 0.9.0 48.02 OK
r-devel-windows-ix86+x86_64 0.9.0 8.00 64.00 72.00 OK
r-patched-linux-x86_64 0.9.0 2.84 44.91 47.75 OK
r-patched-solaris-x86 0.9.0 68.10 WARN
r-release-linux-x86_64 0.9.0 2.30 43.76 46.06 OK
r-release-windows-ix86+x86_64 0.9.0 6.00 74.00 80.00 OK
r-release-osx-x86_64 0.9.0 WARN
r-oldrel-windows-ix86+x86_64 0.9.0 6.00 49.00 55.00 OK
r-oldrel-osx-x86_64 0.9.0 WARN

Check Details

Version: 0.9.0
Check: re-building of vignette outputs
Result: WARN
    Error in re-building vignettes:
     ...
    Warning in engine$weave(file, quiet = quiet, encoding = enc) :
     Pandoc (>= 1.12.3) and/or pandoc-citeproc not available. Falling back to R Markdown v1.
    Warning in normalizePath(f2) :
     path[1]="./webshot6efe28832f4b.png": No such file or directory
    Warning in file(con, "rb") :
     cannot open file './webshot6efe28832f4b.png': No such file or directory
    Quitting from lines 22-26 (mapDWD.Rmd)
    Error: processing vignette 'mapDWD.Rmd' failed with diagnostics:
    cannot open the connection
    Execution halted
Flavor: r-patched-solaris-x86

Version: 0.9.0
Check: re-building of vignette outputs
Result: WARN
    Error in re-building vignettes:
     ...
    Warning in engine$weave(file, quiet = quiet, encoding = enc) :
     Pandoc (>= 1.12.3) and/or pandoc-citeproc not available. Falling back to R Markdown v1.
    Warning in normalizePath(f2) :
     path[1]="./webshot39bb5cab322d.png": No such file or directory
    Warning in file(con, "rb") :
     cannot open file './webshot39bb5cab322d.png': No such file or directory
    Quitting from lines 22-26 (mapDWD.Rmd)
    Error: processing vignette 'mapDWD.Rmd' failed with diagnostics:
    cannot open the connection
    Execution halted
Flavor: r-release-osx-x86_64

Version: 0.9.0
Check: re-building of vignette outputs
Result: WARN
    Error in re-building vignettes:
     ...
    Warning in engine$weave(file, quiet = quiet, encoding = enc) :
     Pandoc (>= 1.12.3) and/or pandoc-citeproc not available. Falling back to R Markdown v1.
    Warning in normalizePath(f2) :
     path[1]="./webshot10ed72e986034.png": No such file or directory
    Warning in file(con, "rb") :
     cannot open file './webshot10ed72e986034.png': No such file or directory
    Quitting from lines 22-26 (mapDWD.Rmd)
    Error: processing vignette 'mapDWD.Rmd' failed with diagnostics:
    cannot open the connection
    Execution halted
Flavor: r-oldrel-osx-x86_64