Last updated on 2018-02-25 00:48:57 CET.
Flavor | Version | Tinstall | Tcheck | Ttotal | Status | Flags |
---|---|---|---|---|---|---|
r-devel-linux-x86_64-debian-clang | 0.5 | 1.80 | 46.69 | 48.49 | OK | |
r-devel-linux-x86_64-debian-gcc | 0.5 | 1.07 | 35.37 | 36.44 | OK | |
r-devel-linux-x86_64-fedora-clang | 0.5 | 58.09 | OK | |||
r-devel-linux-x86_64-fedora-gcc | 0.5 | 56.34 | OK | |||
r-devel-windows-ix86+x86_64 | 0.5 | 7.00 | 70.00 | 77.00 | OK | |
r-patched-linux-x86_64 | 0.5 | 0.98 | 51.34 | 52.32 | OK | |
r-patched-solaris-x86 | 0.5 | 73.70 | OK | |||
r-release-linux-x86_64 | 0.5 | 1.04 | 53.57 | 54.61 | OK | |
r-release-windows-ix86+x86_64 | 0.5 | 3.00 | 72.00 | 75.00 | OK | |
r-release-osx-x86_64 | 0.5 | ERROR | ||||
r-oldrel-windows-ix86+x86_64 | 0.5 | 3.00 | 73.00 | 76.00 | OK | |
r-oldrel-osx-x86_64 | 0.5 | ERROR |
Version: 0.5
Check: package dependencies
Result: ERROR
Package required but not available: ‘Rmpi’
See section ‘The DESCRIPTION file’ in the ‘Writing R Extensions’
manual.
Flavors: r-release-osx-x86_64, r-oldrel-osx-x86_64