Last updated on 2018-02-25 00:48:57 CET.
Flavor | Version | Tinstall | Tcheck | Ttotal | Status | Flags |
---|---|---|---|---|---|---|
r-devel-linux-x86_64-debian-clang | 1.2.2 | 68.12 | 38.55 | 106.67 | NOTE | |
r-devel-linux-x86_64-debian-gcc | 1.2.2 | 57.03 | 29.97 | 87.00 | NOTE | |
r-devel-linux-x86_64-fedora-clang | 1.2.2 | 152.80 | NOTE | |||
r-devel-linux-x86_64-fedora-gcc | 1.2.2 | 144.69 | NOTE | |||
r-devel-windows-ix86+x86_64 | 1.2.2 | 182.00 | 96.00 | 278.00 | OK | |
r-patched-linux-x86_64 | 1.2.2 | 63.95 | 40.47 | 104.42 | NOTE | |
r-patched-solaris-x86 | 1.2.2 | 136.20 | OK | |||
r-release-linux-x86_64 | 1.2.2 | 66.74 | 39.89 | 106.63 | NOTE | |
r-release-windows-ix86+x86_64 | 1.2.2 | 127.00 | 89.00 | 216.00 | OK | |
r-release-osx-x86_64 | 1.2.2 | OK | ||||
r-oldrel-windows-ix86+x86_64 | 1.2.2 | 127.00 | 84.00 | 211.00 | OK | |
r-oldrel-osx-x86_64 | 1.2.2 | OK |
Version: 1.2.2
Check: compiled code
Result: NOTE
File ‘resemble/libs/resemble.so’:
Found no calls to: ‘R_registerRoutines’, ‘R_useDynamicSymbols’
It is good practice to register native routines and to disable symbol
search.
See ‘Writing portable packages’ in the ‘Writing R Extensions’ manual.
Flavors: r-devel-linux-x86_64-debian-clang, r-devel-linux-x86_64-debian-gcc, r-devel-linux-x86_64-fedora-clang, r-devel-linux-x86_64-fedora-gcc, r-patched-linux-x86_64, r-release-linux-x86_64
Version: 1.2.2
Check: installed package size
Result: NOTE
installed size is 5.2Mb
sub-directories of 1Mb or more:
libs 4.8Mb
Flavors: r-devel-linux-x86_64-fedora-clang, r-devel-linux-x86_64-fedora-gcc