CRAN Package Check Results for Package restfulr

Last updated on 2018-02-25 00:48:57 CET.

Flavor Version Tinstall Tcheck Ttotal Status Flags
r-devel-linux-x86_64-debian-clang 0.0.13 9.58 61.42 71.00 OK
r-devel-linux-x86_64-debian-gcc 0.0.13 7.25 49.70 56.95 OK
r-devel-windows-ix86+x86_64 0.0.13 23.00 118.00 141.00 OK
r-patched-linux-x86_64 0.0.13 4.51 62.17 66.68 OK
r-patched-solaris-x86 0.0.13 124.00 OK
r-release-linux-x86_64 0.0.13 4.86 60.75 65.61 OK
r-release-windows-ix86+x86_64 0.0.13 11.00 150.00 161.00 OK
r-release-osx-x86_64 0.0.13 NOTE
r-oldrel-windows-ix86+x86_64 0.0.8 17.00 86.00 103.00 NOTE
r-oldrel-osx-x86_64 0.0.13 ERROR

Check Details

Version: 0.0.13
Check: package dependencies
Result: NOTE
    Package suggested but not available for checking: ‘rsolr’
Flavor: r-release-osx-x86_64

Version: 0.0.8
Check: package dependencies
Result: NOTE
    Package suggested but not available for checking: 'rsolr'
Flavor: r-oldrel-windows-ix86+x86_64

Version: 0.0.13
Check: package dependencies
Result: ERROR
    Package required and available but unsuitable version: ‘S4Vectors’
    
    Package suggested but not available for checking: ‘rsolr’
    
    See section ‘The DESCRIPTION file’ in the ‘Writing R Extensions’
    manual.
Flavor: r-oldrel-osx-x86_64