CRAN Package Check Results for Package rgeos

Last updated on 2018-02-25 00:48:58 CET.

Flavor Version Tinstall Tcheck Ttotal Status Flags
r-devel-linux-x86_64-debian-clang 0.3-26 12.81 49.21 62.02 OK
r-devel-linux-x86_64-debian-gcc 0.3-26 9.01 38.75 47.76 OK
r-devel-linux-x86_64-fedora-clang 0.3-26 74.88 OK
r-devel-linux-x86_64-fedora-gcc 0.3-26 71.85 OK
r-devel-windows-ix86+x86_64 0.3-26 92.00 137.00 229.00 OK
r-patched-linux-x86_64 0.3-26 7.66 53.93 61.59 OK
r-patched-solaris-x86 0.3-26 87.90 OK
r-release-linux-x86_64 0.3-26 7.48 52.39 59.87 OK
r-release-windows-ix86+x86_64 0.3-26 79.00 127.00 206.00 OK
r-release-osx-x86_64 0.3-26 NOTE
r-oldrel-windows-ix86+x86_64 0.3-26 77.00 91.00 168.00 OK
r-oldrel-osx-x86_64 0.3-26 NOTE

Additional issues

rchk

Check Details

Version: 0.3-26
Check: installed package size
Result: NOTE
     installed size is 16.0Mb
     sub-directories of 1Mb or more:
     libs 15.4Mb
Flavors: r-release-osx-x86_64, r-oldrel-osx-x86_64