CRAN Package Check Results for Package robust

Last updated on 2018-02-25 00:48:59 CET.

Flavor Version Tinstall Tcheck Ttotal Status Flags
r-devel-linux-x86_64-debian-clang 0.4-18 20.10 70.96 91.06 OK
r-devel-linux-x86_64-debian-gcc 0.4-18 17.58 54.87 72.45 OK
r-devel-linux-x86_64-fedora-clang 0.4-18 111.61 OK
r-devel-linux-x86_64-fedora-gcc 0.4-18 109.36 OK
r-devel-windows-ix86+x86_64 0.4-18 77.00 157.00 234.00 OK
r-patched-linux-x86_64 0.4-18 12.14 94.22 106.36 OK
r-patched-solaris-x86 0.4-18 121.00 ERROR
r-release-linux-x86_64 0.4-18 14.98 91.65 106.63 OK
r-release-windows-ix86+x86_64 0.4-18 47.00 179.00 226.00 OK
r-release-osx-x86_64 0.4-18 OK
r-oldrel-windows-ix86+x86_64 0.4-18 47.00 128.00 175.00 OK
r-oldrel-osx-x86_64 0.4-18 OK

Additional issues

MKL

Check Details

Version: 0.4-18
Check: examples
Result: ERROR
    Running examples in ‘robust-Ex.R’ failed
    The error most likely occurred in:
    
    > ### Name: overlaidDenPlot.fdfm
    > ### Title: Overlaid Density Plot
    > ### Aliases: overlaidDenPlot.fdfm
    > ### Keywords: hplot
    >
    > ### ** Examples
    >
    > data(los, package="robustbase")
    > los.fm <- fit.models(c(Robust = "fitdstnRob", MLE = "fitdstn"),
    + x = los, densfun = "gamma")
    
     *** caught segfault ***
    address 1, cause 'memory not mapped'
    
    Traceback:
     1: .Fortran("rlcretabi", b1 = as.double(b1), b2 = as.double(b2), kk = as.integer(k), la = as.integer(2), a = as.double(A), maxta = as.integer(maxta), maxtc = as.integer(maxtc), maxit = as.integer(maxit), til = as.double(til), tol = as.double(tol), alpha1 = as.double(alpha1), alpha2 = as.double(alpha2), monit = as.integer(0), tab = tab, tpar = double(6), PACKAGE = "robust")
     2: Tabgamma(b1, b2, alpha1, alpha2, k, A, maxta, maxtc, maxit, til, tol)
     3: gammaRob(x, ...)
     4: fitdstnRob(x = los, densfun = "gamma")
     5: eval(model.call, sys.parent())
     6: eval(model.call, sys.parent())
     7: fit.models(c(Robust = "fitdstnRob", MLE = "fitdstn"), x = los, densfun = "gamma")
    An irrecoverable exception occurred. R is aborting now ...
Flavor: r-patched-solaris-x86