CRAN Package Check Results for Package rust

Last updated on 2018-02-25 00:49:00 CET.

Flavor Version Tinstall Tcheck Ttotal Status Flags
r-devel-linux-x86_64-debian-clang 1.3.4 39.34 232.37 271.71 NOTE
r-devel-linux-x86_64-debian-gcc 1.3.4 34.90 166.68 201.58 NOTE
r-devel-linux-x86_64-fedora-clang 1.3.4 333.41 NOTE
r-devel-linux-x86_64-fedora-gcc 1.3.4 323.51 NOTE
r-devel-windows-ix86+x86_64 1.3.4 80.00 334.00 414.00 OK
r-patched-linux-x86_64 1.3.4 41.50 260.66 302.16 OK
r-patched-solaris-x86 1.3.4 351.00 OK
r-release-linux-x86_64 1.3.4 38.56 252.18 290.74 OK
r-release-windows-ix86+x86_64 1.3.4 112.00 348.00 460.00 OK
r-release-osx-x86_64 1.3.4 OK
r-oldrel-windows-ix86+x86_64 1.3.4 86.00 306.00 392.00 OK
r-oldrel-osx-x86_64 1.3.4 OK

Check Details

Version: 1.3.4
Check: DESCRIPTION meta-information
Result: NOTE
    Dependence on R version ‘3.3.1’ not with patchlevel 0
Flavors: r-devel-linux-x86_64-debian-clang, r-devel-linux-x86_64-debian-gcc, r-devel-linux-x86_64-fedora-clang, r-devel-linux-x86_64-fedora-gcc