Last updated on 2018-02-25 00:49:00 CET.
Flavor | Version | Tinstall | Tcheck | Ttotal | Status | Flags |
---|---|---|---|---|---|---|
r-devel-linux-x86_64-debian-clang | 2.8.0 | 14.05 | 116.23 | 130.28 | OK | |
r-devel-linux-x86_64-debian-gcc | 2.8.0 | 14.66 | 87.96 | 102.62 | OK | |
r-devel-linux-x86_64-fedora-clang | 2.8.0 | 159.44 | NOTE | |||
r-devel-linux-x86_64-fedora-gcc | 2.8.0 | 151.73 | NOTE | |||
r-devel-windows-ix86+x86_64 | 2.8.0 | 40.00 | 165.00 | 205.00 | NOTE | |
r-patched-linux-x86_64 | 2.8.0 | 6.36 | 124.60 | 130.96 | OK | |
r-patched-solaris-x86 | 2.8.0 | 169.80 | NOTE | |||
r-release-linux-x86_64 | 2.8.0 | 5.65 | 123.05 | 128.70 | OK | |
r-release-windows-ix86+x86_64 | 2.8.0 | 19.00 | 167.00 | 186.00 | NOTE | |
r-release-osx-x86_64 | 2.8.0 | NOTE | ||||
r-oldrel-windows-ix86+x86_64 | 2.8.0 | 11.00 | 148.00 | 159.00 | NOTE | |
r-oldrel-osx-x86_64 | 2.8.0 | NOTE |
Version: 2.8.0
Check: installed package size
Result: NOTE
installed size is 5.5Mb
sub-directories of 1Mb or more:
sample_data 3.1Mb
Flavors: r-devel-linux-x86_64-fedora-clang, r-devel-linux-x86_64-fedora-gcc, r-devel-windows-ix86+x86_64, r-patched-solaris-x86, r-release-windows-ix86+x86_64, r-release-osx-x86_64, r-oldrel-windows-ix86+x86_64, r-oldrel-osx-x86_64