CRAN Package Check Results for Package scraEP

Last updated on 2018-02-25 00:49:00 CET.

Flavor Version Tinstall Tcheck Ttotal Status Flags
r-devel-linux-x86_64-debian-clang 1.0 1.27 26.77 28.04 OK
r-devel-linux-x86_64-debian-gcc 1.0 1.47 21.30 22.77 OK
r-devel-linux-x86_64-fedora-clang 1.0 34.05 NOTE
r-devel-linux-x86_64-fedora-gcc 1.0 33.09 NOTE
r-devel-windows-ix86+x86_64 1.0 6.00 36.00 42.00 OK
r-patched-linux-x86_64 1.0 1.64 26.03 27.67 OK
r-patched-solaris-x86 1.0 47.70 NOTE
r-release-linux-x86_64 1.0 1.51 25.95 27.46 OK
r-release-windows-ix86+x86_64 1.0 4.00 52.00 56.00 OK
r-release-osx-x86_64 1.0 NOTE
r-oldrel-windows-ix86+x86_64 1.0 4.00 34.00 38.00 OK
r-oldrel-osx-x86_64 1.0 NOTE

Check Details

Version: 1.0
Check: data for non-ASCII characters
Result: NOTE
     Note: found 1 marked UTF-8 string
Flavors: r-devel-linux-x86_64-fedora-clang, r-devel-linux-x86_64-fedora-gcc, r-patched-solaris-x86, r-release-osx-x86_64, r-oldrel-osx-x86_64