Last updated on 2018-02-25 00:49:00 CET.
Flavor | Version | Tinstall | Tcheck | Ttotal | Status | Flags |
---|---|---|---|---|---|---|
r-devel-linux-x86_64-debian-clang | 1.7.2-1 | 97.70 | 26.08 | 123.78 | NOTE | |
r-devel-linux-x86_64-debian-gcc | 1.7.2-1 | 81.20 | 21.16 | 102.36 | NOTE | |
r-devel-linux-x86_64-fedora-clang | 1.7.2-1 | 205.55 | NOTE | |||
r-devel-linux-x86_64-fedora-gcc | 1.7.2-1 | 175.52 | NOTE | |||
r-devel-windows-ix86+x86_64 | 1.7.2-1 | 295.00 | 83.00 | 378.00 | NOTE | |
r-patched-linux-x86_64 | 1.7.2-1 | 108.62 | 29.56 | 138.18 | OK | |
r-patched-solaris-x86 | 1.7.2-1 | 172.40 | OK | |||
r-release-linux-x86_64 | 1.7.2-1 | 104.31 | 30.19 | 134.50 | OK | |
r-release-windows-ix86+x86_64 | 1.7.2-1 | 228.00 | 90.00 | 318.00 | OK | |
r-release-osx-x86_64 | 1.7.2-1 | OK | ||||
r-oldrel-windows-ix86+x86_64 | 1.7.2-1 | 237.00 | 54.00 | 291.00 | OK | |
r-oldrel-osx-x86_64 | 1.7.2-1 | OK |
Version: 1.7.2-1
Check: pragmas in C/C++ headers and code
Result: NOTE
Files which contain pragma(s) suppressing diagnostics:
‘src/scrm/macros.h’ ‘src/scrm/model.h’
Flavors: r-devel-linux-x86_64-debian-clang, r-devel-linux-x86_64-debian-gcc, r-devel-linux-x86_64-fedora-clang, r-devel-linux-x86_64-fedora-gcc, r-devel-windows-ix86+x86_64
Version: 1.7.2-1
Check: installed package size
Result: NOTE
installed size is 6.2Mb
sub-directories of 1Mb or more:
libs 6.0Mb
Flavor: r-devel-linux-x86_64-fedora-gcc