CRAN Package Check Results for Package sgt

Last updated on 2018-02-25 00:49:01 CET.

Flavor Version Tinstall Tcheck Ttotal Status Flags
r-devel-linux-x86_64-debian-clang 2.0 2.53 48.69 51.22 OK
r-devel-linux-x86_64-debian-gcc 2.0 1.96 37.23 39.19 OK
r-devel-linux-x86_64-fedora-clang 2.0 65.45 OK
r-devel-linux-x86_64-fedora-gcc 2.0 62.18 OK
r-devel-windows-ix86+x86_64 2.0 7.00 69.00 76.00 OK
r-patched-linux-x86_64 2.0 1.26 49.78 51.04 OK
r-patched-solaris-x86 2.0 87.00 OK
r-release-linux-x86_64 2.0 1.13 49.85 50.98 OK
r-release-windows-ix86+x86_64 2.0 4.00 85.00 89.00 OK
r-release-osx-x86_64 2.0 WARN
r-oldrel-windows-ix86+x86_64 2.0 3.00 93.00 96.00 OK
r-oldrel-osx-x86_64 2.0 OK

Check Details

Version: 2.0
Check: re-building of vignette outputs
Result: WARN
    Error in re-building vignettes:
     ...
    Error in texi2dvi(file = file, pdf = TRUE, clean = clean, quiet = quiet, :
     Running 'texi2dvi' on 'sgt.tex' failed.
    LaTeX errors:
    ! LaTeX Error: File `todonotes.sty' not found.
    
    Type X to quit or <RETURN> to proceed,
    or enter new name. (Default extension: sty)
    
    ! Emergency stop.
    <read *>
    
    l.11 \usepackage
     {booktabs}^^M
    ! ==> Fatal error occurred, no output PDF file produced!
    Calls: buildVignettes -> texi2pdf -> texi2dvi
    Execution halted
Flavor: r-release-osx-x86_64