Last updated on 2018-02-25 00:49:01 CET.
Flavor | Version | Tinstall | Tcheck | Ttotal | Status | Flags |
---|---|---|---|---|---|---|
r-devel-linux-x86_64-debian-clang | 0.1.12 | 4.76 | 31.88 | 36.64 | OK | |
r-devel-linux-x86_64-debian-gcc | 0.1.12 | 3.50 | 24.99 | 28.49 | OK | |
r-devel-windows-ix86+x86_64 | 0.1.11 | 6.00 | 42.00 | 48.00 | OK | |
r-patched-linux-x86_64 | 0.1.12 | 1.20 | 34.76 | 35.96 | OK | |
r-patched-solaris-x86 | 0.1.12 | 47.10 | NOTE | |||
r-release-linux-x86_64 | 0.1.12 | 1.13 | 34.26 | 35.39 | OK | |
r-release-windows-ix86+x86_64 | 0.1.11 | 2.00 | 51.00 | 53.00 | OK | |
r-release-osx-x86_64 | 0.1.12 | ERROR | ||||
r-oldrel-windows-ix86+x86_64 | 0.1.11 | 3.00 | 43.00 | 46.00 | OK | |
r-oldrel-osx-x86_64 | 0.1.11 | NOTE |
Version: 0.1.12
Check: dependencies in R code
Result: NOTE
Namespaces in Imports field not imported from:
‘KernSmooth’ ‘MASS’ ‘class’ ‘cluster’ ‘lattice’ ‘nnet’
All declared Imports should be used.
Flavor: r-patched-solaris-x86
Version: 0.1.12
Check: package dependencies
Result: ERROR
Packages required but not available:
‘gridGraphics’ ‘ComplexHeatmap’ ‘RankProd’
See section ‘The DESCRIPTION file’ in the ‘Writing R Extensions’
manual.
Flavor: r-release-osx-x86_64
Version: 0.1.11
Check: dependencies in R code
Result: NOTE
Namespaces in Imports field not imported from:
‘KernSmooth’ ‘MASS’ ‘class’ ‘cluster’ ‘lattice’ ‘nnet’
All declared Imports should be used.
Flavor: r-oldrel-osx-x86_64