CRAN Package Check Results for Package simulator

Last updated on 2018-02-25 00:49:01 CET.

Flavor Version Tinstall Tcheck Ttotal Status Flags
r-devel-linux-x86_64-debian-clang 0.2.0 5.92 682.03 687.95 WARN
r-devel-linux-x86_64-debian-gcc 0.2.0 5.64 540.81 546.45 OK
r-devel-linux-x86_64-fedora-clang 0.2.0 750.59 OK
r-devel-linux-x86_64-fedora-gcc 0.2.0 774.55 OK
r-devel-windows-ix86+x86_64 0.2.0 14.00 88.00 102.00 OK --no-vignettes
r-patched-linux-x86_64 0.2.0 2.23 627.66 629.89 OK
r-patched-solaris-x86 0.2.0 2548.50 OK
r-release-linux-x86_64 0.2.0 2.36 695.14 697.50 WARN
r-release-windows-ix86+x86_64 0.2.0 6.00 153.00 159.00 OK --no-vignettes
r-release-osx-x86_64 0.2.0 FAIL
r-oldrel-windows-ix86+x86_64 0.2.0 6.00 120.00 126.00 OK --no-vignettes
r-oldrel-osx-x86_64 0.2.0 OK

Check Details

Version: 0.2.0
Check: re-building of vignette outputs
Result: WARN
    Error in re-building vignettes:
     ...
    Loading required package: Matrix
    Loading required package: foreach
    Loaded glmnet 2.0-13
    
    Shutting down cluster.
    Shutting down cluster.
    Shutting down cluster.
    Shutting down cluster.
    Shutting down cluster.
    Shutting down cluster.
    Shutting down cluster.
    Shutting down cluster.
    Shutting down cluster.
    Shutting down cluster.
    Shutting down cluster.
    Shutting down cluster.
    Warning: Ignoring unknown aesthetics: position
    Warning: Ignoring unknown aesthetics: position
    Warning: Ignoring unknown aesthetics: position
    Warning: Ignoring unknown aesthetics: position
    Warning: Ignoring unknown aesthetics: position
    Warning: Ignoring unknown aesthetics: position
    Shutting down cluster.
    Shutting down cluster.
    Shutting down cluster.
    Shutting down cluster.
    Shutting down cluster.
    Shutting down cluster.
    Shutting down cluster.
    Shutting down cluster.
    Shutting down cluster.
    Shutting down cluster.
    Shutting down cluster.
    Shutting down cluster.
    Shutting down cluster.
    Shutting down cluster.
    Shutting down cluster.
    Shutting down cluster.
    Warning: Ignoring unknown aesthetics: position
    Warning: Ignoring unknown aesthetics: position
    Warning: Ignoring unknown aesthetics: position
    Warning: Ignoring unknown aesthetics: position
    Warning: Ignoring unknown aesthetics: position
    Warning: Ignoring unknown aesthetics: position
    Shutting down cluster.
    Shutting down cluster.
    Shutting down cluster.
    Shutting down cluster.
    Shutting down cluster.
    Shutting down cluster.
    Shutting down cluster.
    Shutting down cluster.
    Shutting down cluster.
    Shutting down cluster.
    Shutting down cluster.
    Shutting down cluster.
    Shutting down cluster.
    Shutting down cluster.
    Shutting down cluster.
    Shutting down cluster.
    Shutting down cluster.
    Warning: Ignoring unknown aesthetics: position
    Warning: Ignoring unknown aesthetics: position
    Warning: Ignoring unknown aesthetics: position
    Warning: Ignoring unknown aesthetics: position
    Warning: Ignoring unknown aesthetics: position
    Warning: Ignoring unknown aesthetics: position
    Killed
Flavors: r-devel-linux-x86_64-debian-clang, r-release-linux-x86_64

Version: 0.2.0
Check: re-building of vignette outputs
Result: WARN
    Error in re-building vignettes:
     ...
    Shutting down cluster.
    Shutting down cluster.
    Shutting down cluster.
    Shutting down cluster.
    Shutting down cluster.
    Shutting down cluster.
    Shutting down cluster.
    Shutting down cluster.
    Shutting down cluster.
    Shutting down cluster.
    Shutting down cluster.
    Shutting down cluster.
    Warning: Ignoring unknown aesthetics: position
    Warning: Ignoring unknown aesthetics: position
    Warning: Ignoring unknown aesthetics: position
    Warning: Ignoring unknown aesthetics: position
    Warning: Ignoring unknown aesthetics: position
    Warning: Ignoring unknown aesthetics: position
    Shutting down cluster.
    Warning in engine$weave(file, quiet = quiet, encoding = enc) :
     Pandoc (>= 1.12.3) and/or pandoc-citeproc not available. Falling back to R Markdown v1.
    Warning in engine$weave(file, quiet = quiet, encoding = enc) :
     Pandoc (>= 1.12.3) and/or pandoc-citeproc not available. Falling back to R Markdown v1.
    
    Execution halted
Flavor: r-release-osx-x86_64

Version: 0.2.0
Check: PDF version of manual
Result: FAIL
    
Flavor: r-release-osx-x86_64