CRAN Package Check Results for Package slp

Last updated on 2018-02-25 00:49:01 CET.

Flavor Version Tinstall Tcheck Ttotal Status Flags
r-devel-linux-x86_64-debian-clang 1.0-5 5.70 56.02 61.72 NOTE
r-devel-linux-x86_64-debian-gcc 1.0-5 4.72 44.35 49.07 NOTE
r-devel-linux-x86_64-fedora-clang 1.0-5 75.68 NOTE
r-devel-linux-x86_64-fedora-gcc 1.0-5 73.10 NOTE
r-devel-windows-ix86+x86_64 1.0-5 12.00 88.00 100.00 OK
r-patched-linux-x86_64 1.0-5 4.98 56.90 61.88 NOTE
r-patched-solaris-x86 1.0-5 141.20 OK
r-release-linux-x86_64 1.0-5 4.93 56.55 61.48 NOTE
r-release-windows-ix86+x86_64 1.0-5 24.00 121.00 145.00 OK
r-release-osx-x86_64 1.0-5 OK
r-oldrel-windows-ix86+x86_64 1.0-5 12.00 108.00 120.00 OK
r-oldrel-osx-x86_64 1.0-5 OK

Check Details

Version: 1.0-5
Check: compiled code
Result: NOTE
    File ‘slp/libs/slp.so’:
     Found no calls to: ‘R_registerRoutines’, ‘R_useDynamicSymbols’
    
    It is good practice to register native routines and to disable symbol
    search.
    
    See ‘Writing portable packages’ in the ‘Writing R Extensions’ manual.
Flavors: r-devel-linux-x86_64-debian-clang, r-devel-linux-x86_64-debian-gcc, r-devel-linux-x86_64-fedora-clang, r-devel-linux-x86_64-fedora-gcc, r-patched-linux-x86_64, r-release-linux-x86_64