CRAN Package Check Results for Package sophisthse

Last updated on 2018-02-25 00:49:02 CET.

Flavor Version Tinstall Tcheck Ttotal Status Flags
r-devel-linux-x86_64-debian-clang 0.7.0 0.92 26.15 27.07 OK
r-devel-linux-x86_64-debian-gcc 0.7.0 0.63 20.77 21.40 OK
r-devel-linux-x86_64-fedora-clang 0.7.0 33.28 NOTE
r-devel-linux-x86_64-fedora-gcc 0.7.0 31.36 NOTE
r-devel-windows-ix86+x86_64 0.7.0 4.00 57.00 61.00 OK
r-patched-linux-x86_64 0.7.0 0.84 31.73 32.57 OK
r-patched-solaris-x86 0.7.0 52.70 NOTE
r-release-linux-x86_64 0.7.0 0.96 32.50 33.46 OK
r-release-windows-ix86+x86_64 0.7.0 4.00 66.00 70.00 OK
r-release-osx-x86_64 0.7.0 NOTE
r-oldrel-windows-ix86+x86_64 0.7.0 3.00 45.00 48.00 OK
r-oldrel-osx-x86_64 0.7.0 NOTE

Check Details

Version: 0.7.0
Check: data for non-ASCII characters
Result: NOTE
     Note: found 1320 marked UTF-8 strings
Flavors: r-devel-linux-x86_64-fedora-clang, r-devel-linux-x86_64-fedora-gcc, r-patched-solaris-x86, r-release-osx-x86_64, r-oldrel-osx-x86_64